CRAN Package Check Results for Package spectral

Last updated on 2025-07-13 06:48:39 CEST.

Flavor Version Tinstall Tcheck Ttotal Status Flags
r-devel-linux-x86_64-debian-clang 2.0 4.19 35.28 39.47 NOTE
r-devel-linux-x86_64-debian-gcc 2.0 2.84 27.51 30.35 NOTE
r-devel-linux-x86_64-fedora-clang 2.0 61.26 OK
r-devel-linux-x86_64-fedora-gcc 2.0 58.64 OK
r-devel-windows-x86_64 2.0 4.00 64.00 68.00 OK
r-patched-linux-x86_64 2.0 4.54 33.53 38.07 OK
r-release-linux-x86_64 2.0 3.48 33.96 37.44 OK
r-release-macos-arm64 2.0 22.00 OK
r-release-macos-x86_64 2.0 37.00 OK
r-release-windows-x86_64 2.0 5.00 67.00 72.00 OK
r-oldrel-macos-arm64 2.0 21.00 OK
r-oldrel-macos-x86_64 2.0 28.00 OK
r-oldrel-windows-x86_64 2.0 4.00 68.00 72.00 OK

Check Details

Version: 2.0
Check: CRAN incoming feasibility
Result: NOTE Maintainer: ‘Martin Seilmayer <martin.seilmayer@gmail.com>’ No Authors@R field in DESCRIPTION. Please add one, modifying Authors@R: person(given = "Martin", family = "Seilmayer", role = c("aut", "cre"), email = "martin.seilmayer@gmail.com") as necessary. Flavors: r-devel-linux-x86_64-debian-clang, r-devel-linux-x86_64-debian-gcc

mirror server hosted at Truenetwork, Russian Federation.