Last updated on 2025-11-04 13:50:26 CET.
| Flavor | Version | Tinstall | Tcheck | Ttotal | Status | Flags |
|---|---|---|---|---|---|---|
| r-devel-linux-x86_64-debian-clang | 2.7.0 | 15.25 | 223.47 | 238.72 | NOTE | |
| r-devel-linux-x86_64-debian-gcc | 2.7.0 | 10.71 | 150.46 | 161.17 | NOTE | |
| r-devel-linux-x86_64-fedora-clang | 2.7.0 | 35.00 | 327.18 | 362.18 | NOTE | |
| r-devel-linux-x86_64-fedora-gcc | 2.7.0 | 31.00 | 334.92 | 365.92 | NOTE | |
| r-devel-windows-x86_64 | 2.7.0 | 18.00 | 362.00 | 380.00 | NOTE | |
| r-patched-linux-x86_64 | 2.7.0 | 13.30 | 213.37 | 226.67 | NOTE | |
| r-release-linux-x86_64 | 2.7.0 | 14.02 | 211.50 | 225.52 | NOTE | |
| r-release-macos-arm64 | 2.7.0 | 7.00 | 164.00 | 171.00 | NOTE | |
| r-release-macos-x86_64 | 2.7.0 | 7.00 | 289.00 | 296.00 | NOTE | |
| r-release-windows-x86_64 | 2.7.0 | 17.00 | 359.00 | 376.00 | NOTE | |
| r-oldrel-macos-arm64 | 2.7.0 | 5.00 | 141.00 | 146.00 | NOTE | |
| r-oldrel-macos-x86_64 | 2.7.0 | 7.00 | 261.00 | 268.00 | NOTE | |
| r-oldrel-windows-x86_64 | 2.7.0 | 22.00 | 497.00 | 519.00 | NOTE |
Version: 2.7.0
Check: CRAN incoming feasibility
Result: NOTE
Maintainer: ‘Charlie Beirnaert <charlie_beirnaert@icloud.com>’
No Authors@R field in DESCRIPTION.
Please add one, modifying
Authors@R: c(person(given = "Charlie",
family = "Beirnaert",
role = c("aut", "cre"),
email = "charlie_beirnaert@icloud.com"),
person(given = c("Trung", "Nghia"),
family = "Vu",
role = "aut"),
person(given = "Pieter",
family = "Meysman",
role = "aut"),
person(given = "Kris",
family = "Laukens",
role = "aut"),
person(given = "Dirk",
family = "Valkenborg",
role = "aut"))
as necessary.
Flavors: r-devel-linux-x86_64-debian-clang, r-devel-linux-x86_64-debian-gcc
Version: 2.7.0
Check: Rd files
Result: NOTE
checkRd: (-1) findRef.Rd:39: Lost braces
39 | Vu TN, Valkenborg D, Smets K, Verwaest KA, Dommisse R, Lemi\`{e}re F, Verschoren A, Goethals B, Laukens K. (2011) An integrated workflow for robust alignment and simplified quantitative analysis of NMR spectrometry data. BMC Bioinformatics. 2011 Oct 20;12:405.
| ^
checkRd: (-1) hClustAlign.Rd:70: Lost braces
70 | Vu TN, Valkenborg D, Smets K, Verwaest KA, Dommisse R, Lemi\`{e}re F, Verschoren A, Goethals B, Laukens K. (2011) An integrated workflow for robust alignment and simplified quantitative analysis of NMR spectrometry data. BMC Bioinformatics. 2011 Oct 20;12:405.
| ^
Flavors: r-devel-linux-x86_64-debian-clang, r-devel-linux-x86_64-debian-gcc, r-devel-linux-x86_64-fedora-clang, r-devel-linux-x86_64-fedora-gcc, r-devel-windows-x86_64, r-patched-linux-x86_64, r-release-linux-x86_64, r-release-macos-arm64, r-release-macos-x86_64, r-release-windows-x86_64, r-oldrel-macos-arm64, r-oldrel-macos-x86_64, r-oldrel-windows-x86_64