Last updated on 2025-11-04 05:51:26 CET.
| Flavor | Version | Tinstall | Tcheck | Ttotal | Status | Flags | 
|---|---|---|---|---|---|---|
| r-devel-linux-x86_64-debian-clang | 2.0-1 | 51.74 | 434.26 | 486.00 | NOTE | |
| r-devel-linux-x86_64-debian-gcc | 2.0-1 | 33.73 | 280.20 | 313.93 | NOTE | |
| r-devel-linux-x86_64-fedora-clang | 2.0-1 | 142.00 | 639.11 | 781.11 | OK | |
| r-devel-linux-x86_64-fedora-gcc | 2.0-1 | 135.00 | 624.80 | 759.80 | OK | |
| r-devel-windows-x86_64 | 2.0-1 | 49.00 | 340.00 | 389.00 | OK | |
| r-patched-linux-x86_64 | 2.0-1 | 49.64 | 416.46 | 466.10 | OK | |
| r-release-linux-x86_64 | 2.0-1 | 48.16 | 411.99 | 460.15 | OK | |
| r-release-macos-arm64 | 2.0-1 | 31.00 | 218.00 | 249.00 | OK | |
| r-release-macos-x86_64 | 2.0-1 | 70.00 | 340.00 | 410.00 | OK | |
| r-release-windows-x86_64 | 2.0-1 | 46.00 | 334.00 | 380.00 | OK | |
| r-oldrel-macos-arm64 | 2.0-1 | 20.00 | 135.00 | 155.00 | OK | |
| r-oldrel-macos-x86_64 | 2.0-1 | 32.00 | 222.00 | 254.00 | OK | |
| r-oldrel-windows-x86_64 | 2.0-1 | 63.00 | 466.00 | 529.00 | OK | 
Version: 2.0-1
Check: CRAN incoming feasibility
Result: NOTE
  Maintainer: ‘Benjamin M. Taylor <benjamin.taylor.software@gmail.com>’
  
  No Authors@R field in DESCRIPTION.
  Please add one, modifying
    Authors@R: c(person(given = c("Benjamin", "M."),
                        family = "Taylor",
                        role = c("aut", "cre"),
                        email = "benjamin.taylor.software@gmail.com"),
                 person(given = c("Barry", "S.", "Rowlingson", "Additional", "contributions", "Ziyu"),
                        family = "Zheng",
                        role = "aut"))
  as necessary.
Flavors: r-devel-linux-x86_64-debian-clang, r-devel-linux-x86_64-debian-gcc