Last updated on 2025-11-28 12:48:52 CET.
| Flavor | Version | Tinstall | Tcheck | Ttotal | Status | Flags |
|---|---|---|---|---|---|---|
| r-devel-linux-x86_64-debian-clang | 3.4-2 | 42.29 | 470.29 | 512.58 | OK | |
| r-devel-linux-x86_64-debian-gcc | 3.4-2 | 26.12 | 317.52 | 343.64 | OK | |
| r-devel-linux-x86_64-fedora-clang | 3.5-0 | 104.00 | 505.41 | 609.41 | OK | |
| r-devel-linux-x86_64-fedora-gcc | 3.5-0 | 94.00 | 507.84 | 601.84 | OK | |
| r-devel-windows-x86_64 | 3.4-2 | 64.00 | 500.00 | 564.00 | OK | |
| r-patched-linux-x86_64 | 3.4-2 | 50.46 | 428.60 | 479.06 | OK | |
| r-release-linux-x86_64 | 3.4-2 | 40.78 | 423.58 | 464.36 | OK | |
| r-release-macos-arm64 | 3.4-2 | OK | ||||
| r-release-macos-x86_64 | 3.5-0 | 64.00 | 668.00 | 732.00 | OK | |
| r-release-windows-x86_64 | 3.4-2 | 50.00 | 566.00 | 616.00 | OK | |
| r-oldrel-macos-arm64 | 3.4-2 | NOTE | ||||
| r-oldrel-macos-x86_64 | 3.5-0 | 82.00 | 787.00 | 869.00 | NOTE | |
| r-oldrel-windows-x86_64 | 3.4-2 | 66.00 | 661.00 | 727.00 | NOTE |
Version: 3.4-2
Check: package dependencies
Result: NOTE
Depends: includes the non-default packages:
'spatstat.data', 'spatstat.univar', 'spatstat.geom',
'spatstat.random', 'spatstat.explore', 'nlme', 'rpart'
Adding so many packages to the search path is excessive and importing
selectively is preferable.
Flavors: r-oldrel-macos-arm64, r-oldrel-windows-x86_64
Version: 3.5-0
Check: package dependencies
Result: NOTE
Depends: includes the non-default packages:
'spatstat.data', 'spatstat.univar', 'spatstat.geom',
'spatstat.random', 'spatstat.explore', 'nlme', 'rpart'
Adding so many packages to the search path is excessive and importing
selectively is preferable.
Flavor: r-oldrel-macos-x86_64