Last updated on 2025-11-04 11:52:44 CET.
| Flavor | Version | Tinstall | Tcheck | Ttotal | Status | Flags | 
|---|---|---|---|---|---|---|
| r-devel-linux-x86_64-debian-clang | 7.3-18 | 2.90 | 25.48 | 28.38 | NOTE | |
| r-devel-linux-x86_64-debian-gcc | 7.3-18 | 3.09 | 20.04 | 23.13 | NOTE | |
| r-devel-linux-x86_64-fedora-clang | 7.3-18 | 10.00 | 33.96 | 43.96 | OK | |
| r-devel-linux-x86_64-fedora-gcc | 7.3-18 | 10.00 | 31.95 | 41.95 | OK | |
| r-devel-windows-x86_64 | 7.3-18 | 10.00 | 48.00 | 58.00 | OK | |
| r-patched-linux-x86_64 | 7.3-18 | 8.05 | 23.74 | 31.79 | OK | |
| r-release-linux-x86_64 | 7.3-18 | 3.00 | 23.89 | 26.89 | OK | |
| r-release-macos-arm64 | 7.3-18 | 3.00 | 16.00 | 19.00 | OK | |
| r-release-macos-x86_64 | 7.3-18 | 5.00 | 26.00 | 31.00 | OK | |
| r-release-windows-x86_64 | 7.3-18 | 9.00 | 46.00 | 55.00 | OK | |
| r-oldrel-macos-arm64 | 7.3-18 | 3.00 | 21.00 | 24.00 | OK | |
| r-oldrel-macos-x86_64 | 7.3-18 | 16.00 | 47.00 | 63.00 | OK | |
| r-oldrel-windows-x86_64 | 7.3-18 | 9.00 | 51.00 | 60.00 | OK | 
Version: 7.3-18
Check: CRAN incoming feasibility
Result: NOTE
  Maintainer: ‘Brian Ripley <Brian.Ripley@R-project.org>’
  
  Package CITATION file contains call(s) to old-style personList() or
  as.personList().  Please use c() on person objects instead.
  Package CITATION file contains call(s) to old-style citEntry().  Please
  use bibentry() instead.
Flavors: r-devel-linux-x86_64-debian-clang, r-devel-linux-x86_64-debian-gcc