Last updated on 2025-02-21 17:50:55 CET.
Flavor | Version | Tinstall | Tcheck | Ttotal | Status | Flags |
---|---|---|---|---|---|---|
r-devel-linux-x86_64-debian-clang | 0.1.1 | 58.18 | 65.54 | 123.72 | OK | |
r-devel-linux-x86_64-debian-gcc | 0.1.1 | 38.79 | 49.80 | 88.59 | OK | |
r-devel-linux-x86_64-fedora-clang | 0.1.1 | 227.18 | OK | |||
r-devel-linux-x86_64-fedora-gcc | 0.1.1 | 208.74 | OK | |||
r-devel-macos-arm64 | 0.1.1 | 56.00 | OK | |||
r-devel-macos-x86_64 | 0.1.1 | 85.00 | OK | |||
r-devel-windows-x86_64 | 0.1.1 | 62.00 | 95.00 | 157.00 | OK | |
r-patched-linux-x86_64 | 0.1.1 | 55.74 | 62.87 | 118.61 | OK | |
r-release-linux-x86_64 | 0.1.1 | 56.02 | 62.24 | 118.26 | OK | |
r-release-macos-arm64 | 0.1.1 | 59.00 | OK | |||
r-release-macos-x86_64 | 0.1.1 | 142.00 | OK | |||
r-release-windows-x86_64 | 0.1.1 | 62.00 | 92.00 | 154.00 | OK | |
r-oldrel-macos-arm64 | 0.1.0 | 62.00 | NOTE | |||
r-oldrel-macos-x86_64 | 0.1.1 | 90.00 | OK | |||
r-oldrel-windows-x86_64 | 0.1.1 | 76.00 | 119.00 | 195.00 | OK |
Version: 0.1.0
Check: C++ specification
Result: NOTE
Specified C++11: please drop specification unless essential
Flavor: r-oldrel-macos-arm64