CRAN Package Check Results for Package sparrpowR

Last updated on 2025-04-15 00:50:24 CEST.

Flavor Version Tinstall Tcheck Ttotal Status Flags
r-devel-linux-x86_64-debian-clang 0.2.8 42.40 351.67 394.07 NOTE
r-devel-linux-x86_64-debian-gcc 0.2.8 29.44 241.44 270.88 NOTE
r-devel-linux-x86_64-fedora-clang 0.2.8 628.20 OK
r-devel-linux-x86_64-fedora-gcc 0.2.8 683.79 OK
r-devel-windows-x86_64 0.2.8 26.00 262.00 288.00 NOTE
r-patched-linux-x86_64 0.2.8 38.47 335.18 373.65 NOTE
r-release-linux-x86_64 0.2.8 38.95 336.58 375.53 NOTE
r-release-macos-arm64 0.2.8 296.00 OK
r-release-macos-x86_64 0.2.8 350.00 OK
r-release-windows-x86_64 0.2.8 29.00 242.00 271.00 NOTE
r-oldrel-macos-arm64 0.2.8 290.00 OK
r-oldrel-macos-x86_64 0.2.8 286.00 OK
r-oldrel-windows-x86_64 0.2.8 39.00 333.00 372.00 OK

Check Details

Version: 0.2.8
Check: Rd cross-references
Result: NOTE Found the following Rd file(s) with Rd \link{} targets missing package anchors: sparrpowR-package.Rd: sparr, spatstat.random, spatstat.geom, terra, doFuture, doRNG spatial_data.Rd: spatstat.random spatial_power.Rd: spatstat.random Please provide package anchors for all Rd \link{} targets not in the package itself and the base packages. Flavors: r-devel-linux-x86_64-debian-clang, r-devel-linux-x86_64-debian-gcc, r-devel-windows-x86_64, r-patched-linux-x86_64, r-release-linux-x86_64, r-release-windows-x86_64

mirror server hosted at Truenetwork, Russian Federation.