Last updated on 2025-02-22 11:51:43 CET.
Flavor | Version | Tinstall | Tcheck | Ttotal | Status | Flags |
---|---|---|---|---|---|---|
r-devel-linux-x86_64-debian-clang | 0.1.0 | 5.07 | 89.17 | 94.24 | NOTE | |
r-devel-linux-x86_64-debian-gcc | 0.1.0 | 3.38 | 66.63 | 70.01 | NOTE | |
r-devel-linux-x86_64-fedora-clang | 0.1.0 | 165.75 | NOTE | |||
r-devel-linux-x86_64-fedora-gcc | 0.1.0 | 168.61 | NOTE | |||
r-devel-macos-arm64 | 0.1.0 | 46.00 | OK | |||
r-devel-macos-x86_64 | 0.1.0 | 81.00 | NOTE | |||
r-devel-windows-x86_64 | 0.1.0 | 8.00 | 118.00 | 126.00 | NOTE | |
r-patched-linux-x86_64 | 0.1.0 | 5.42 | 85.79 | 91.21 | OK | |
r-release-linux-x86_64 | 0.1.0 | 4.90 | 86.11 | 91.01 | OK | |
r-release-macos-arm64 | 0.1.0 | 50.00 | OK | |||
r-release-macos-x86_64 | 0.1.0 | 83.00 | OK | |||
r-release-windows-x86_64 | 0.1.0 | 9.00 | 116.00 | 125.00 | OK | |
r-oldrel-macos-arm64 | 0.1.0 | 51.00 | OK | |||
r-oldrel-macos-x86_64 | 0.1.0 | 92.00 | OK | |||
r-oldrel-windows-x86_64 | 0.1.0 | 9.00 | 127.00 | 136.00 | OK |
Version: 0.1.0
Check: DESCRIPTION meta-information
Result: NOTE
Missing dependency on R >= 4.1.0 because package code uses the pipe
|> or function shorthand \(...) syntax added in R 4.1.0.
File(s) using such syntax:
‘available-data.R’ ‘convert.R’ ‘duckdb-helpers.R’ ‘get-zones.R’
‘internal-utils.R’ ‘quick-get.R’
Flavors: r-devel-linux-x86_64-debian-clang, r-devel-linux-x86_64-debian-gcc, r-devel-linux-x86_64-fedora-clang, r-devel-linux-x86_64-fedora-gcc, r-devel-macos-x86_64, r-devel-windows-x86_64