Last updated on 2025-11-03 23:50:34 CET.
| Flavor | Version | Tinstall | Tcheck | Ttotal | Status | Flags | 
|---|---|---|---|---|---|---|
| r-devel-linux-x86_64-debian-clang | 2.3.4 | 3.50 | 44.91 | 48.41 | OK | |
| r-devel-linux-x86_64-debian-gcc | 2.3.4 | 2.73 | 35.63 | 38.36 | OK | |
| r-devel-linux-x86_64-fedora-clang | 2.3.4 | 73.41 | OK | |||
| r-devel-linux-x86_64-fedora-gcc | 2.3.4 | 71.38 | OK | |||
| r-devel-windows-x86_64 | 2.3.4 | 10.00 | 77.00 | 87.00 | OK | |
| r-patched-linux-x86_64 | 2.3.4 | 3.54 | 41.82 | 45.36 | OK | |
| r-release-linux-x86_64 | 2.3.4 | 3.66 | 42.12 | 45.78 | OK | |
| r-release-macos-arm64 | 2.3.4 | 2.00 | 28.00 | 30.00 | OK | |
| r-release-macos-x86_64 | 2.3.4 | 4.00 | 44.00 | 48.00 | OK | |
| r-release-windows-x86_64 | 2.3.4 | 9.00 | 76.00 | 85.00 | OK | |
| r-oldrel-macos-arm64 | 2.3.4 | 3.00 | 31.00 | 34.00 | NOTE | |
| r-oldrel-macos-x86_64 | 2.3.4 | 3.00 | 74.00 | 77.00 | NOTE | |
| r-oldrel-windows-x86_64 | 2.3.4 | 8.00 | 88.00 | 96.00 | NOTE | 
Version: 2.3.4
Check: package dependencies
Result: NOTE
  Package suggested but not available for checking: ‘spDataLarge’
Flavors: r-oldrel-macos-arm64, r-oldrel-macos-x86_64, r-oldrel-windows-x86_64
Version: 2.3.4
Check: installed package size
Result: NOTE
    installed size is  6.6Mb
    sub-directories of 1Mb or more:
      data     2.6Mb
      shapes   3.2Mb
Flavors: r-oldrel-macos-arm64, r-oldrel-macos-x86_64, r-oldrel-windows-x86_64