Last updated on 2025-02-21 17:50:56 CET.
Flavor | Version | Tinstall | Tcheck | Ttotal | Status | Flags |
---|---|---|---|---|---|---|
r-devel-linux-x86_64-debian-clang | 1.3 | 162.51 | 245.36 | 407.87 | OK | |
r-devel-linux-x86_64-debian-gcc | 1.3 | 110.29 | 178.40 | 288.69 | OK | |
r-devel-linux-x86_64-fedora-clang | 1.3 | 683.63 | OK | |||
r-devel-linux-x86_64-fedora-gcc | 1.3 | 697.74 | OK | |||
r-devel-macos-arm64 | 1.3 | 245.00 | OK | |||
r-devel-macos-x86_64 | 1.3 | 448.00 | OK | |||
r-devel-windows-x86_64 | 1.3 | 165.00 | 283.00 | 448.00 | OK | |
r-patched-linux-x86_64 | 1.3 | 156.37 | 266.28 | 422.65 | OK | |
r-release-linux-x86_64 | 1.3 | 156.38 | 248.72 | 405.10 | OK | |
r-release-macos-arm64 | 1.3 | 233.00 | NOTE | |||
r-release-macos-x86_64 | 1.3 | 306.00 | NOTE | |||
r-release-windows-x86_64 | 1.3 | 175.00 | 288.00 | 463.00 | OK | |
r-oldrel-macos-arm64 | 1.3 | 267.00 | NOTE | |||
r-oldrel-macos-x86_64 | 1.3 | 366.00 | NOTE | |||
r-oldrel-windows-x86_64 | 1.3 | 204.00 | 365.00 | 569.00 | OK |
Version: 1.3
Check: installed package size
Result: NOTE
installed size is 8.8Mb
sub-directories of 1Mb or more:
libs 8.1Mb
Flavors: r-release-macos-arm64, r-release-macos-x86_64, r-oldrel-macos-arm64, r-oldrel-macos-x86_64