Last updated on 2025-11-04 11:52:44 CET.
| Flavor | Version | Tinstall | Tcheck | Ttotal | Status | Flags | 
|---|---|---|---|---|---|---|
| r-devel-linux-x86_64-debian-clang | 1.3.3 | 11.13 | 90.12 | 101.25 | NOTE | |
| r-devel-linux-x86_64-debian-gcc | 1.3.3 | 7.63 | 67.04 | 74.67 | NOTE | |
| r-devel-linux-x86_64-fedora-clang | 1.3.3 | 26.00 | 132.35 | 158.35 | OK | |
| r-devel-linux-x86_64-fedora-gcc | 1.3.3 | 25.00 | 155.00 | 180.00 | OK | |
| r-devel-windows-x86_64 | 1.3.3 | 11.00 | 94.00 | 105.00 | OK | |
| r-patched-linux-x86_64 | 1.3.3 | 10.16 | 86.52 | 96.68 | OK | |
| r-release-linux-x86_64 | 1.3.3 | 9.86 | 86.54 | 96.40 | OK | |
| r-release-macos-arm64 | 1.3.3 | 5.00 | 60.00 | 65.00 | OK | |
| r-release-macos-x86_64 | 1.3.3 | 9.00 | 100.00 | 109.00 | OK | |
| r-release-windows-x86_64 | 1.3.3 | 11.00 | 93.00 | 104.00 | OK | |
| r-oldrel-macos-arm64 | 1.3.3 | 5.00 | 50.00 | 55.00 | OK | |
| r-oldrel-macos-x86_64 | 1.3.3 | 7.00 | 80.00 | 87.00 | OK | |
| r-oldrel-windows-x86_64 | 1.3.3 | 14.00 | 118.00 | 132.00 | OK | 
Version: 1.3.3
Check: CRAN incoming feasibility
Result: NOTE
  Maintainer: ‘Luis J. Villanueva-Rivera <ljvillanueva@coquipr.com>’
  
  No Authors@R field in DESCRIPTION.
  Please add one, modifying
    Authors@R: c(person(given = c("Luis", "J."),
                        family = "Villanueva-Rivera",
                        role = c("aut", "cre"),
                        email = "ljvillanueva@coquipr.com"),
                 person(given = c("Bryan", "C."),
                        family = "Pijanowski",
                        role = "aut"))
  as necessary.
Flavors: r-devel-linux-x86_64-debian-clang, r-devel-linux-x86_64-debian-gcc