Last updated on 2025-02-22 11:51:43 CET.
Flavor | Version | Tinstall | Tcheck | Ttotal | Status | Flags |
---|---|---|---|---|---|---|
r-devel-linux-x86_64-debian-clang | 0.0.7 | 12.01 | 130.29 | 142.30 | OK | |
r-devel-linux-x86_64-debian-gcc | 0.0.7 | 8.56 | 96.77 | 105.33 | OK | |
r-devel-linux-x86_64-fedora-clang | 0.0.7 | 224.25 | OK | |||
r-devel-linux-x86_64-fedora-gcc | 0.0.7 | 271.03 | OK | |||
r-devel-macos-arm64 | 0.0.7 | 89.00 | ERROR | |||
r-devel-macos-x86_64 | 0.0.7 | 207.00 | OK | |||
r-devel-windows-x86_64 | 0.0.7 | 17.00 | 145.00 | 162.00 | OK | |
r-patched-linux-x86_64 | 0.0.7 | 14.27 | 120.45 | 134.72 | OK | |
r-release-linux-x86_64 | 0.0.7 | 13.25 | 122.05 | 135.30 | OK | |
r-release-macos-arm64 | 0.0.7 | 91.00 | ERROR | |||
r-release-macos-x86_64 | 0.0.7 | 194.00 | OK | |||
r-release-windows-x86_64 | 0.0.7 | 17.00 | 143.00 | 160.00 | OK | |
r-oldrel-macos-arm64 | 0.0.7 | 100.00 | ERROR | |||
r-oldrel-macos-x86_64 | 0.0.7 | 207.00 | OK | |||
r-oldrel-windows-x86_64 | 0.0.7 | 21.00 | 169.00 | 190.00 | OK |
Version: 0.0.7
Check: tests
Result: ERROR
Running ‘spelling.R’ [0s/0s]
Running ‘testthat.R’ [17s/22s]
Running the tests in ‘tests/testthat.R’ failed.
Complete output:
> # This file is part of the standard setup for testthat.
> # It is recommended that you do not modify it.
> #
> # Where should you do additional test configuration?
> # Learn more about the roles of various files in:
> # * https://r-pkgs.org/testing-design.html#sec-tests-files-overview
> # * https://testthat.r-lib.org/articles/special-files.html
>
> library(testthat)
> library(sonicscrewdriver)
Attaching package: 'sonicscrewdriver'
The following object is masked from 'package:base':
jitter
>
> test_check("sonicscrewdriver")
starting worker pid=94803 on localhost:11053 at 20:29:23.708
starting worker pid=94807 on localhost:11053 at 20:29:23.724
starting worker pid=94827 on localhost:11053 at 20:29:23.819
starting worker pid=94828 on localhost:11053 at 20:29:23.828
starting worker pid=94861 on localhost:11053 at 20:29:23.909
starting worker pid=94869 on localhost:11053 at 20:29:23.917
This is a mono file.
Calculating index. Please wait...
Bioacoustic Index: 10.97174
This is a mono file.
Calculating index. Please wait...
Bioacoustic Index: 10.97174
This is a mono file.
Calculating index. Please wait...
Acoustic Evenness Index: 0.9
This is a mono file.
Calculating index. Please wait...
Acoustic Evenness Index: 0.9
This is a mono file.
Calculating index. Please wait...
Acoustic Diversity Index: 0
This is a mono file.
Calculating index. Please wait...
Acoustic Diversity Index: 0
starting worker pid=95461 on localhost:11053 at 20:29:25.276
starting worker pid=95463 on localhost:11053 at 20:29:25.287
This is a mono file.
This is a mono file.
Calculating index. Please wait...
Calculating index. Please wait...
Bioacoustic Index: 10.97174
Bioacoustic Index: 10.97174
This is a mono file.
Calculating index. Please wait...
This is a mono file.
Calculating index. Please wait...
Acoustic Evenness Index: 0.9
Acoustic Evenness Index: 0.9
This is a mono file.
Calculating index. Please wait...
This is a mono file.
Calculating index. Please wait...
Acoustic Diversity Index: 0
Acoustic Diversity Index: 0
starting worker pid=1227 on localhost:11053 at 07:29:35.666
starting worker pid=1229 on localhost:11053 at 07:29:35.674
starting worker pid=1746 on localhost:11053 at 07:29:36.364
starting worker pid=1750 on localhost:11053 at 07:29:36.370
starting worker pid=2200 on localhost:11053 at 07:29:37.238
starting worker pid=2204 on localhost:11053 at 07:29:37.248
[ FAIL 18 | WARN 0 | SKIP 7 | PASS 821 ]
══ Skipped tests (7) ═══════════════════════════════════════════════════════════
• On CRAN (5): 'test-audioblast.R:2:3', 'test-audioblast.R:15:3',
'test-audioblast.R:30:3', 'test-audioblast.R:47:3', 'test-audioblast.R:68:3'
• ssd_birdnet not available for testing (2): 'test-birdnetReticulate.R:14:3',
'test-birdnetReticulate.R:20:3'
══ Failed tests ════════════════════════════════════════════════════════════════
── Failure ('test-audioblastProcessors.R:9:3'): ab_diel_traits with real data ──
data2$value_min[1] (`actual`) not equal to 1538 (`expected`).
`actual`: 1539.0
`expected`: 1538.0
── Failure ('test-audioblastProcessors.R:14:3'): ab_diel_traits with real data ──
data2$value_min[1] (`actual`) not equal to 1538 (`expected`).
`actual`: 1539.0
`expected`: 1538.0
── Failure ('test-audioblastProcessors.R:19:3'): ab_diel_traits with real data ──
data2$value_min[1] (`actual`) not equal to 1538 (`expected`).
`actual`: 1539.0
`expected`: 1538.0
── Failure ('test-audioblastProcessors.R:55:3'): .calcTimesOfDay() works as expected ──
as.character(o[1, ]) (`actual`) not equal to c("0427", "1946") (`expected`).
`actual`: "0425" "1948"
`expected`: "0427" "1946"
── Failure ('test-audioblastProcessors.R:56:3'): .calcTimesOfDay() works as expected ──
as.character(o[2, ]) (`actual`) not equal to c("2248", "0124") (`expected`).
`actual`: "2254" "0119"
`expected`: "2248" "0124"
── Failure ('test-audioblastProcessors.R:58:3'): .calcTimesOfDay() works as expected ──
as.character(o[4, ]) (`actual`) not equal to c("1206", "2248") (`expected`).
`actual`: "1207" "2254"
`expected`: "1206" "2248"
── Failure ('test-audioblastProcessors.R:67:3'): .calcTimesOfDay() works as expected ──
as.character(o[1, ]) (`actual`) not equal to c("1300", "1946") (`expected`).
`actual`: "1300" "1948"
`expected`: "1300" "1946"
── Failure ('test-audioblastProcessors.R:68:3'): .calcTimesOfDay() works as expected ──
as.character(o[2, ]) (`actual`) not equal to c("2248", "0124") (`expected`).
`actual`: "2254" "0119"
`expected`: "2248" "0124"
── Failure ('test-audioblastProcessors.R:70:3'): .calcTimesOfDay() works as expected ──
as.character(o[4, ]) (`actual`) not equal to c("1206", "2248") (`expected`).
`actual`: "1207" "2254"
`expected`: "1206" "2248"
── Failure ('test-audioblastProcessors.R:78:3'): .calcTimesOfDay() works as expected ──
as.character(o[1, ]) (`actual`) not equal to c("1300", "1946") (`expected`).
`actual`: "1300" "1948"
`expected`: "1300" "1946"
── Failure ('test-audioblastProcessors.R:79:3'): .calcTimesOfDay() works as expected ──
as.character(o[2, ]) (`actual`) not equal to c("2248", "0200") (`expected`).
`actual`: "2254" "0200"
`expected`: "2248" "0200"
── Failure ('test-audioblastProcessors.R:81:3'): .calcTimesOfDay() works as expected ──
as.character(o[4, ]) (`actual`) not equal to c("1206", "2248") (`expected`).
`actual`: "1207" "2254"
`expected`: "1206" "2248"
── Failure ('test-audioblastProcessors.R:90:3'): .calcTimesOfDay() works as expected ──
as.character(o[1, ]) (`actual`) not equal to c("1300", "1946") (`expected`).
`actual`: "1300" "1948"
`expected`: "1300" "1946"
── Failure ('test-audioblastProcessors.R:91:3'): .calcTimesOfDay() works as expected ──
as.character(o[2, ]) (`actual`) not equal to c("2248", "0200") (`expected`).
`actual`: "2254" "0200"
`expected`: "2248" "0200"
── Failure ('test-audioblastProcessors.R:93:3'): .calcTimesOfDay() works as expected ──
as.character(o[4, ]) (`actual`) not equal to c("1206", "2248") (`expected`).
`actual`: "1207" "2254"
`expected`: "1206" "2248"
── Failure ('test-audioblastProcessors.R:102:3'): .calcTimesOfDay() works as expected ──
as.character(o[1, ]) (`actual`) not equal to c("0427", "1946") (`expected`).
`actual`: "0425" "1948"
`expected`: "0427" "1946"
── Failure ('test-audioblastProcessors.R:103:3'): .calcTimesOfDay() works as expected ──
as.character(o[2, ]) (`actual`) not equal to c("2248", "0124") (`expected`).
`actual`: "2254" "0119"
`expected`: "2248" "0124"
── Failure ('test-audioblastProcessors.R:105:3'): .calcTimesOfDay() works as expected ──
as.character(o[4, ]) (`actual`) not equal to c("1206", "2248") (`expected`).
`actual`: "1207" "2254"
`expected`: "1206" "2248"
[ FAIL 18 | WARN 0 | SKIP 7 | PASS 821 ]
Error: Test failures
Execution halted
Flavor: r-devel-macos-arm64
Version: 0.0.7
Check: tests
Result: ERROR
Running ‘spelling.R’ [0s/0s]
Running ‘testthat.R’ [18s/23s]
Running the tests in ‘tests/testthat.R’ failed.
Complete output:
> # This file is part of the standard setup for testthat.
> # It is recommended that you do not modify it.
> #
> # Where should you do additional test configuration?
> # Learn more about the roles of various files in:
> # * https://r-pkgs.org/testing-design.html#sec-tests-files-overview
> # * https://testthat.r-lib.org/articles/special-files.html
>
> library(testthat)
> library(sonicscrewdriver)
Attaching package: 'sonicscrewdriver'
The following object is masked from 'package:base':
jitter
>
> test_check("sonicscrewdriver")
starting worker pid=27258 on localhost:11104 at 13:00:21.186
starting worker pid=27259 on localhost:11104 at 13:00:21.197
starting worker pid=27296 on localhost:11104 at 13:00:21.305
starting worker pid=27297 on localhost:11104 at 13:00:21.314
starting worker pid=27346 on localhost:11104 at 13:00:21.420
starting worker pid=27358 on localhost:11104 at 13:00:21.432
This is a mono file.
Calculating index. Please wait...
Bioacoustic Index: 10.97174
This is a mono file.
Calculating index. Please wait...
Bioacoustic Index: 10.97174
This is a mono file.
Calculating index. Please wait...
Acoustic Evenness Index: 0.9
This is a mono file.
Calculating index. Please wait...
Acoustic Evenness Index: 0.9
This is a mono file.
Calculating index. Please wait...
Acoustic Diversity Index: 0
This is a mono file.
Calculating index. Please wait...
Acoustic Diversity Index: 0
starting worker pid=27815 on localhost:11104 at 13:00:22.976
starting worker pid=27818 on localhost:11104 at 13:00:22.986
This is a mono file.
Calculating index. Please wait...
This is a mono file.
Calculating index. Please wait...
Bioacoustic Index: 10.97174
Bioacoustic Index: 10.97174
This is a mono file.
Calculating index. Please wait...
This is a mono file.
Calculating index. Please wait...
Acoustic Evenness Index: 0.9
Acoustic Evenness Index: 0.9
This is a mono file.
Calculating index. Please wait...
This is a mono file.
Calculating index. Please wait...
Acoustic Diversity Index: 0
Acoustic Diversity Index: 0
starting worker pid=29199 on localhost:11104 at 00:00:33.010
starting worker pid=29200 on localhost:11104 at 00:00:33.024
starting worker pid=29227 on localhost:11104 at 00:00:33.771
starting worker pid=29228 on localhost:11104 at 00:00:33.777
starting worker pid=29268 on localhost:11104 at 00:00:34.781
starting worker pid=29269 on localhost:11104 at 00:00:34.787
[ FAIL 18 | WARN 0 | SKIP 7 | PASS 821 ]
══ Skipped tests (7) ═══════════════════════════════════════════════════════════
• On CRAN (5): 'test-audioblast.R:2:3', 'test-audioblast.R:15:3',
'test-audioblast.R:30:3', 'test-audioblast.R:47:3', 'test-audioblast.R:68:3'
• ssd_birdnet not available for testing (2): 'test-birdnetReticulate.R:14:3',
'test-birdnetReticulate.R:20:3'
══ Failed tests ════════════════════════════════════════════════════════════════
── Failure ('test-audioblastProcessors.R:9:3'): ab_diel_traits with real data ──
data2$value_min[1] (`actual`) not equal to 1538 (`expected`).
`actual`: 1539.0
`expected`: 1538.0
── Failure ('test-audioblastProcessors.R:14:3'): ab_diel_traits with real data ──
data2$value_min[1] (`actual`) not equal to 1538 (`expected`).
`actual`: 1539.0
`expected`: 1538.0
── Failure ('test-audioblastProcessors.R:19:3'): ab_diel_traits with real data ──
data2$value_min[1] (`actual`) not equal to 1538 (`expected`).
`actual`: 1539.0
`expected`: 1538.0
── Failure ('test-audioblastProcessors.R:55:3'): .calcTimesOfDay() works as expected ──
as.character(o[1, ]) (`actual`) not equal to c("0427", "1946") (`expected`).
`actual`: "0425" "1948"
`expected`: "0427" "1946"
── Failure ('test-audioblastProcessors.R:56:3'): .calcTimesOfDay() works as expected ──
as.character(o[2, ]) (`actual`) not equal to c("2248", "0124") (`expected`).
`actual`: "2254" "0119"
`expected`: "2248" "0124"
── Failure ('test-audioblastProcessors.R:58:3'): .calcTimesOfDay() works as expected ──
as.character(o[4, ]) (`actual`) not equal to c("1206", "2248") (`expected`).
`actual`: "1207" "2254"
`expected`: "1206" "2248"
── Failure ('test-audioblastProcessors.R:67:3'): .calcTimesOfDay() works as expected ──
as.character(o[1, ]) (`actual`) not equal to c("1300", "1946") (`expected`).
`actual`: "1300" "1948"
`expected`: "1300" "1946"
── Failure ('test-audioblastProcessors.R:68:3'): .calcTimesOfDay() works as expected ──
as.character(o[2, ]) (`actual`) not equal to c("2248", "0124") (`expected`).
`actual`: "2254" "0119"
`expected`: "2248" "0124"
── Failure ('test-audioblastProcessors.R:70:3'): .calcTimesOfDay() works as expected ──
as.character(o[4, ]) (`actual`) not equal to c("1206", "2248") (`expected`).
`actual`: "1207" "2254"
`expected`: "1206" "2248"
── Failure ('test-audioblastProcessors.R:78:3'): .calcTimesOfDay() works as expected ──
as.character(o[1, ]) (`actual`) not equal to c("1300", "1946") (`expected`).
`actual`: "1300" "1948"
`expected`: "1300" "1946"
── Failure ('test-audioblastProcessors.R:79:3'): .calcTimesOfDay() works as expected ──
as.character(o[2, ]) (`actual`) not equal to c("2248", "0200") (`expected`).
`actual`: "2254" "0200"
`expected`: "2248" "0200"
── Failure ('test-audioblastProcessors.R:81:3'): .calcTimesOfDay() works as expected ──
as.character(o[4, ]) (`actual`) not equal to c("1206", "2248") (`expected`).
`actual`: "1207" "2254"
`expected`: "1206" "2248"
── Failure ('test-audioblastProcessors.R:90:3'): .calcTimesOfDay() works as expected ──
as.character(o[1, ]) (`actual`) not equal to c("1300", "1946") (`expected`).
`actual`: "1300" "1948"
`expected`: "1300" "1946"
── Failure ('test-audioblastProcessors.R:91:3'): .calcTimesOfDay() works as expected ──
as.character(o[2, ]) (`actual`) not equal to c("2248", "0200") (`expected`).
`actual`: "2254" "0200"
`expected`: "2248" "0200"
── Failure ('test-audioblastProcessors.R:93:3'): .calcTimesOfDay() works as expected ──
as.character(o[4, ]) (`actual`) not equal to c("1206", "2248") (`expected`).
`actual`: "1207" "2254"
`expected`: "1206" "2248"
── Failure ('test-audioblastProcessors.R:102:3'): .calcTimesOfDay() works as expected ──
as.character(o[1, ]) (`actual`) not equal to c("0427", "1946") (`expected`).
`actual`: "0425" "1948"
`expected`: "0427" "1946"
── Failure ('test-audioblastProcessors.R:103:3'): .calcTimesOfDay() works as expected ──
as.character(o[2, ]) (`actual`) not equal to c("2248", "0124") (`expected`).
`actual`: "2254" "0119"
`expected`: "2248" "0124"
── Failure ('test-audioblastProcessors.R:105:3'): .calcTimesOfDay() works as expected ──
as.character(o[4, ]) (`actual`) not equal to c("1206", "2248") (`expected`).
`actual`: "1207" "2254"
`expected`: "1206" "2248"
[ FAIL 18 | WARN 0 | SKIP 7 | PASS 821 ]
Error: Test failures
Execution halted
Flavor: r-release-macos-arm64
Version: 0.0.7
Check: tests
Result: ERROR
Running ‘spelling.R’ [0s/0s]
Running ‘testthat.R’ [21s/30s]
Running the tests in ‘tests/testthat.R’ failed.
Complete output:
> # This file is part of the standard setup for testthat.
> # It is recommended that you do not modify it.
> #
> # Where should you do additional test configuration?
> # Learn more about the roles of various files in:
> # * https://r-pkgs.org/testing-design.html#sec-tests-files-overview
> # * https://testthat.r-lib.org/articles/special-files.html
>
> library(testthat)
> library(sonicscrewdriver)
Attaching package: 'sonicscrewdriver'
The following object is masked from 'package:base':
jitter
>
> test_check("sonicscrewdriver")
starting worker pid=9426 on localhost:11374 at 09:33:51.075
starting worker pid=9429 on localhost:11374 at 09:33:51.085
starting worker pid=9464 on localhost:11374 at 09:33:51.166
starting worker pid=9469 on localhost:11374 at 09:33:51.173
starting worker pid=9505 on localhost:11374 at 09:33:51.237
starting worker pid=9511 on localhost:11374 at 09:33:51.245
This is a mono file.
Calculating index. Please wait...
Bioacoustic Index: 10.97174
This is a mono file.
Calculating index. Please wait...
Bioacoustic Index: 10.97174
This is a mono file.
Calculating index. Please wait...
Acoustic Evenness Index: 0.9
This is a mono file.
Calculating index. Please wait...
Acoustic Evenness Index: 0.9
This is a mono file.
Calculating index. Please wait...
Acoustic Diversity Index: 0
This is a mono file.
Calculating index. Please wait...
Acoustic Diversity Index: 0
starting worker pid=9750 on localhost:11374 at 09:33:52.725
starting worker pid=9751 on localhost:11374 at 09:33:52.733
This is a mono file.
Calculating index. Please wait...
This is a mono file.
Calculating index. Please wait...
Bioacoustic Index: 10.97174
Bioacoustic Index: 10.97174
This is a mono file.
Calculating index. Please wait...
This is a mono file.
Calculating index. Please wait...
Acoustic Evenness Index: 0.9
Acoustic Evenness Index: 0.9
This is a mono file.
Calculating index. Please wait...
This is a mono file.
Calculating index. Please wait...
Acoustic Diversity Index: 0
Acoustic Diversity Index: 0
starting worker pid=11299 on localhost:11374 at 20:34:02.005
starting worker pid=11301 on localhost:11374 at 20:34:02.011
starting worker pid=11553 on localhost:11374 at 20:34:02.908
starting worker pid=11557 on localhost:11374 at 20:34:02.913
starting worker pid=12164 on localhost:11374 at 20:34:03.938
starting worker pid=12175 on localhost:11374 at 20:34:03.943
[ FAIL 18 | WARN 0 | SKIP 7 | PASS 821 ]
══ Skipped tests (7) ═══════════════════════════════════════════════════════════
• On CRAN (5): 'test-audioblast.R:2:3', 'test-audioblast.R:15:3',
'test-audioblast.R:30:3', 'test-audioblast.R:47:3', 'test-audioblast.R:68:3'
• ssd_birdnet not available for testing (2): 'test-birdnetReticulate.R:14:3',
'test-birdnetReticulate.R:20:3'
══ Failed tests ════════════════════════════════════════════════════════════════
── Failure ('test-audioblastProcessors.R:9:3'): ab_diel_traits with real data ──
data2$value_min[1] (`actual`) not equal to 1538 (`expected`).
`actual`: 1539.0
`expected`: 1538.0
── Failure ('test-audioblastProcessors.R:14:3'): ab_diel_traits with real data ──
data2$value_min[1] (`actual`) not equal to 1538 (`expected`).
`actual`: 1539.0
`expected`: 1538.0
── Failure ('test-audioblastProcessors.R:19:3'): ab_diel_traits with real data ──
data2$value_min[1] (`actual`) not equal to 1538 (`expected`).
`actual`: 1539.0
`expected`: 1538.0
── Failure ('test-audioblastProcessors.R:55:3'): .calcTimesOfDay() works as expected ──
as.character(o[1, ]) (`actual`) not equal to c("0427", "1946") (`expected`).
`actual`: "0425" "1948"
`expected`: "0427" "1946"
── Failure ('test-audioblastProcessors.R:56:3'): .calcTimesOfDay() works as expected ──
as.character(o[2, ]) (`actual`) not equal to c("2248", "0124") (`expected`).
`actual`: "2254" "0119"
`expected`: "2248" "0124"
── Failure ('test-audioblastProcessors.R:58:3'): .calcTimesOfDay() works as expected ──
as.character(o[4, ]) (`actual`) not equal to c("1206", "2248") (`expected`).
`actual`: "1207" "2254"
`expected`: "1206" "2248"
── Failure ('test-audioblastProcessors.R:67:3'): .calcTimesOfDay() works as expected ──
as.character(o[1, ]) (`actual`) not equal to c("1300", "1946") (`expected`).
`actual`: "1300" "1948"
`expected`: "1300" "1946"
── Failure ('test-audioblastProcessors.R:68:3'): .calcTimesOfDay() works as expected ──
as.character(o[2, ]) (`actual`) not equal to c("2248", "0124") (`expected`).
`actual`: "2254" "0119"
`expected`: "2248" "0124"
── Failure ('test-audioblastProcessors.R:70:3'): .calcTimesOfDay() works as expected ──
as.character(o[4, ]) (`actual`) not equal to c("1206", "2248") (`expected`).
`actual`: "1207" "2254"
`expected`: "1206" "2248"
── Failure ('test-audioblastProcessors.R:78:3'): .calcTimesOfDay() works as expected ──
as.character(o[1, ]) (`actual`) not equal to c("1300", "1946") (`expected`).
`actual`: "1300" "1948"
`expected`: "1300" "1946"
── Failure ('test-audioblastProcessors.R:79:3'): .calcTimesOfDay() works as expected ──
as.character(o[2, ]) (`actual`) not equal to c("2248", "0200") (`expected`).
`actual`: "2254" "0200"
`expected`: "2248" "0200"
── Failure ('test-audioblastProcessors.R:81:3'): .calcTimesOfDay() works as expected ──
as.character(o[4, ]) (`actual`) not equal to c("1206", "2248") (`expected`).
`actual`: "1207" "2254"
`expected`: "1206" "2248"
── Failure ('test-audioblastProcessors.R:90:3'): .calcTimesOfDay() works as expected ──
as.character(o[1, ]) (`actual`) not equal to c("1300", "1946") (`expected`).
`actual`: "1300" "1948"
`expected`: "1300" "1946"
── Failure ('test-audioblastProcessors.R:91:3'): .calcTimesOfDay() works as expected ──
as.character(o[2, ]) (`actual`) not equal to c("2248", "0200") (`expected`).
`actual`: "2254" "0200"
`expected`: "2248" "0200"
── Failure ('test-audioblastProcessors.R:93:3'): .calcTimesOfDay() works as expected ──
as.character(o[4, ]) (`actual`) not equal to c("1206", "2248") (`expected`).
`actual`: "1207" "2254"
`expected`: "1206" "2248"
── Failure ('test-audioblastProcessors.R:102:3'): .calcTimesOfDay() works as expected ──
as.character(o[1, ]) (`actual`) not equal to c("0427", "1946") (`expected`).
`actual`: "0425" "1948"
`expected`: "0427" "1946"
── Failure ('test-audioblastProcessors.R:103:3'): .calcTimesOfDay() works as expected ──
as.character(o[2, ]) (`actual`) not equal to c("2248", "0124") (`expected`).
`actual`: "2254" "0119"
`expected`: "2248" "0124"
── Failure ('test-audioblastProcessors.R:105:3'): .calcTimesOfDay() works as expected ──
as.character(o[4, ]) (`actual`) not equal to c("1206", "2248") (`expected`).
`actual`: "1207" "2254"
`expected`: "1206" "2248"
[ FAIL 18 | WARN 0 | SKIP 7 | PASS 821 ]
Error: Test failures
Execution halted
Flavor: r-oldrel-macos-arm64