CRAN Package Check Results for Package softclassval

Last updated on 2025-11-04 11:52:44 CET.

Flavor Version Tinstall Tcheck Ttotal Status Flags
r-devel-linux-x86_64-debian-clang 1.1.0 1.38 27.63 29.01 OK
r-devel-linux-x86_64-debian-gcc 1.1.0 1.82 21.84 23.66 OK
r-devel-linux-x86_64-fedora-clang 1.1.0 43.20 NOTE
r-devel-linux-x86_64-fedora-gcc 1.1.0 41.48 NOTE
r-devel-windows-x86_64 1.1.0 3.00 52.00 55.00 OK
r-patched-linux-x86_64 1.1.0 2.57 25.93 28.50 OK
r-release-linux-x86_64 1.1.0 2.23 26.11 28.34 OK
r-release-macos-arm64 1.1.0 1.00 20.00 21.00 OK
r-release-macos-x86_64 1.1.0 2.00 28.00 30.00 OK
r-release-windows-x86_64 1.1.0 4.00 51.00 55.00 OK
r-oldrel-macos-arm64 1.1.0 1.00 19.00 20.00 OK
r-oldrel-macos-x86_64 1.1.0 2.00 42.00 44.00 OK
r-oldrel-windows-x86_64 1.1.0 4.00 57.00 61.00 OK

Check Details

Version: 1.1.0
Check: tests
Result: NOTE Running ‘tests.R’ Comparing ‘tests.Rout’ to ‘tests.Rout.save’ ...27c27 < * : checkEqualsNumeric(sens(r = ref.array, p = pred.array, groups = ref.groups), run in 0.111 sec ... OK kind msg --- > kind msg Flavor: r-devel-linux-x86_64-fedora-clang

Version: 1.1.0
Check: tests
Result: NOTE Running ‘tests.R’ Comparing ‘tests.Rout’ to ‘tests.Rout.save’ ...27c27 < * : checkEqualsNumeric(sens(r = ref.array, p = pred.array, groups = ref.groups), run in 0.136 sec ... OK kind msg --- > kind msg Flavor: r-devel-linux-x86_64-fedora-gcc

mirror server hosted at Truenetwork, Russian Federation.