Last updated on 2025-11-04 11:52:44 CET.
| Flavor | Version | Tinstall | Tcheck | Ttotal | Status | Flags | 
|---|---|---|---|---|---|---|
| r-devel-linux-x86_64-debian-clang | 1.2 | 2.78 | 28.31 | 31.09 | NOTE | |
| r-devel-linux-x86_64-debian-gcc | 1.2 | 2.37 | 22.07 | 24.44 | NOTE | |
| r-devel-linux-x86_64-fedora-clang | 1.2 | 44.35 | NOTE | |||
| r-devel-linux-x86_64-fedora-gcc | 1.2 | 42.31 | NOTE | |||
| r-devel-windows-x86_64 | 1.2 | 7.00 | 50.00 | 57.00 | NOTE | |
| r-patched-linux-x86_64 | 1.2 | 3.50 | 25.83 | 29.33 | NOTE | |
| r-release-linux-x86_64 | 1.2 | 2.95 | 25.21 | 28.16 | NOTE | |
| r-release-macos-arm64 | 1.2 | 2.00 | 16.00 | 18.00 | NOTE | |
| r-release-macos-x86_64 | 1.2 | 3.00 | 27.00 | 30.00 | NOTE | |
| r-release-windows-x86_64 | 1.2 | 7.00 | 50.00 | 57.00 | NOTE | |
| r-oldrel-macos-arm64 | 1.2 | 2.00 | 18.00 | 20.00 | NOTE | |
| r-oldrel-macos-x86_64 | 1.2 | 4.00 | 24.00 | 28.00 | NOTE | |
| r-oldrel-windows-x86_64 | 1.2 | 7.00 | 58.00 | 65.00 | NOTE | 
Version: 1.2
Check: CRAN incoming feasibility
Result: NOTE
  Maintainer: ‘Kieran Healy <kjhealy@gmail.com>’
  
  Package CITATION file contains call(s) to old-style personList() or
  as.personList().  Please use c() on person objects instead.
  Package CITATION file contains call(s) to old-style citEntry().  Please
  use bibentry() instead.
Flavors: r-devel-linux-x86_64-debian-clang, r-devel-linux-x86_64-debian-gcc
Version: 1.2
Check: Rd files
Result: NOTE
  checkRd: (-1) preg2.Rd:8: Lost braces
       8 | An object of class \\code{tbl_df} (inherits from \\code{tbl}, \\code{data.frame}) with 2 rows and 4 columns.
         |                          ^
  checkRd: (-1) preg2.Rd:8: Lost braces
       8 | An object of class \\code{tbl_df} (inherits from \\code{tbl}, \\code{data.frame}) with 2 rows and 4 columns.
         |                                                        ^
  checkRd: (-1) preg2.Rd:8: Lost braces
       8 | An object of class \\code{tbl_df} (inherits from \\code{tbl}, \\code{data.frame}) with 2 rows and 4 columns.
         |                                                                     ^
Flavors: r-devel-linux-x86_64-debian-clang, r-devel-linux-x86_64-debian-gcc, r-devel-linux-x86_64-fedora-clang, r-devel-linux-x86_64-fedora-gcc, r-devel-windows-x86_64, r-patched-linux-x86_64, r-release-linux-x86_64, r-release-macos-arm64, r-release-macos-x86_64, r-release-windows-x86_64, r-oldrel-macos-arm64, r-oldrel-macos-x86_64, r-oldrel-windows-x86_64
Version: 1.2
Check: installed package size
Result: NOTE
    installed size is  5.2Mb
    sub-directories of 1Mb or more:
      data   4.5Mb
Flavor: r-oldrel-macos-x86_64