Last updated on 2025-11-03 23:50:33 CET.
| Flavor | Version | Tinstall | Tcheck | Ttotal | Status | Flags | 
|---|---|---|---|---|---|---|
| r-devel-linux-x86_64-debian-clang | 1.2.0 | 2.98 | 68.27 | 71.25 | NOTE | |
| r-devel-linux-x86_64-debian-gcc | 1.2.0 | 2.94 | 51.76 | 54.70 | NOTE | |
| r-devel-linux-x86_64-fedora-clang | 1.2.0 | 106.34 | NOTE | |||
| r-devel-linux-x86_64-fedora-gcc | 1.2.0 | 11.00 | 108.00 | 119.00 | NOTE | |
| r-devel-windows-x86_64 | 1.2.0 | 6.00 | 106.00 | 112.00 | NOTE | |
| r-patched-linux-x86_64 | 1.2.0 | 4.57 | 66.47 | 71.04 | NOTE | |
| r-release-linux-x86_64 | 1.2.0 | 4.17 | 65.31 | 69.48 | NOTE | |
| r-release-macos-arm64 | 1.2.0 | 2.00 | 54.00 | 56.00 | NOTE | |
| r-release-macos-x86_64 | 1.2.0 | 3.00 | 82.00 | 85.00 | NOTE | |
| r-release-windows-x86_64 | 1.2.0 | 6.00 | 107.00 | 113.00 | NOTE | |
| r-oldrel-macos-arm64 | 1.2.0 | 2.00 | 45.00 | 47.00 | OK | |
| r-oldrel-macos-x86_64 | 1.2.0 | 3.00 | 59.00 | 62.00 | OK | |
| r-oldrel-windows-x86_64 | 1.2.0 | 7.00 | 123.00 | 130.00 | OK | 
Version: 1.2.0
Check: DESCRIPTION meta-information
Result: NOTE
    Missing dependency on R >= 4.1.0 because package code uses the pipe
    |> or function shorthand \(...) syntax added in R 4.1.0.
    File(s) using such syntax:
      ‘PowerRelation.R’ ‘SocialRanking.R’ ‘copeland.R’ ‘doRanking.Rd’
      ‘elementLookup.Rd’ ‘generator.R’ ‘makePowerRelationMonotonic.R’
Flavors: r-devel-linux-x86_64-debian-clang, r-devel-linux-x86_64-debian-gcc, r-devel-linux-x86_64-fedora-clang, r-devel-linux-x86_64-fedora-gcc, r-devel-windows-x86_64, r-patched-linux-x86_64, r-release-linux-x86_64, r-release-macos-arm64, r-release-macos-x86_64, r-release-windows-x86_64