Last updated on 2025-05-26 00:48:45 CEST.
Flavor | Version | Tinstall | Tcheck | Ttotal | Status | Flags |
---|---|---|---|---|---|---|
r-devel-linux-x86_64-debian-clang | 3.10.1 | 3.29 | 165.79 | 169.08 | OK | |
r-devel-linux-x86_64-debian-gcc | 3.10.1 | 2.24 | 108.98 | 111.22 | OK | |
r-devel-linux-x86_64-fedora-clang | 3.10.1 | 257.19 | NOTE | |||
r-devel-linux-x86_64-fedora-gcc | 3.10.1 | 263.31 | NOTE | |||
r-devel-windows-x86_64 | 3.10.1 | 5.00 | 317.00 | 322.00 | OK | |
r-patched-linux-x86_64 | 3.10.1 | 3.50 | 157.55 | 161.05 | OK | |
r-release-linux-x86_64 | 3.10.1 | 3.13 | 156.81 | 159.94 | OK | |
r-release-macos-arm64 | 3.10.1 | 116.00 | OK | |||
r-release-macos-x86_64 | 3.10.1 | 214.00 | OK | |||
r-release-windows-x86_64 | 3.10.1 | 7.00 | 245.00 | 252.00 | OK | |
r-oldrel-macos-arm64 | 3.10.1 | 112.00 | OK | |||
r-oldrel-macos-x86_64 | 3.10.1 | 160.00 | OK | |||
r-oldrel-windows-x86_64 | 3.10.1 | 6.00 | 293.00 | 299.00 | OK |
Version: 3.10.1
Check: dependencies in R code
Result: NOTE
Namespace in Imports field not imported from: ‘backports’
All declared Imports should be used.
Flavors: r-devel-linux-x86_64-fedora-clang, r-devel-linux-x86_64-fedora-gcc