Last updated on 2025-11-04 11:52:44 CET.
| Flavor | Version | Tinstall | Tcheck | Ttotal | Status | Flags | 
|---|---|---|---|---|---|---|
| r-devel-linux-x86_64-debian-clang | 1.2.2 | 2.66 | 74.72 | 77.38 | NOTE | |
| r-devel-linux-x86_64-debian-gcc | 1.2.2 | 2.03 | 61.33 | 63.36 | NOTE | |
| r-devel-linux-x86_64-fedora-clang | 1.2.2 | 115.31 | OK | |||
| r-devel-linux-x86_64-fedora-gcc | 1.2.2 | 135.82 | OK | |||
| r-devel-windows-x86_64 | 1.2.2 | 5.00 | 118.00 | 123.00 | OK | |
| r-patched-linux-x86_64 | 1.2.2 | 2.66 | 85.60 | 88.26 | OK | |
| r-release-linux-x86_64 | 1.2.2 | 2.65 | 87.94 | 90.59 | OK | |
| r-release-macos-arm64 | 1.2.2 | 1.00 | 64.00 | 65.00 | OK | |
| r-release-macos-x86_64 | 1.2.2 | 2.00 | 107.00 | 109.00 | OK | |
| r-release-windows-x86_64 | 1.2.2 | 4.00 | 120.00 | 124.00 | OK | |
| r-oldrel-macos-arm64 | 1.2.2 | 1.00 | 54.00 | 55.00 | OK | |
| r-oldrel-macos-x86_64 | 1.2.2 | 2.00 | 83.00 | 85.00 | OK | |
| r-oldrel-windows-x86_64 | 1.2.2 | 7.00 | 144.00 | 151.00 | OK | 
Version: 1.2.2
Check: CRAN incoming feasibility
Result: NOTE
  Maintainer: ‘Alireza Mahani <alireza.s.mahani@gmail.com>’
  
  No Authors@R field in DESCRIPTION.
  Please add one, modifying
    Authors@R: c(person(given = c("Alireza", "S."),
                        family = "Mahani",
                        role = "aut"),
                 person(given = "Asad",
                        family = "Hasan",
                        role = "aut"),
                 person(given = "Marshall",
                        family = "Jiang",
                        role = "aut"),
                 person(given = c("Mansour", "T.A."),
                        family = "Sharabiani",
                        role = "aut"),
                 person(given = "Alireza",
                        family = "Mahani",
                        role = "cre",
                        email = "alireza.s.mahani@gmail.com"))
  as necessary.
Flavors: r-devel-linux-x86_64-debian-clang, r-devel-linux-x86_64-debian-gcc