Last updated on 2025-11-04 11:52:44 CET.
| Flavor | Version | Tinstall | Tcheck | Ttotal | Status | Flags | 
|---|---|---|---|---|---|---|
| r-devel-linux-x86_64-debian-clang | 0.1.2 | 1.72 | 19.46 | 21.18 | NOTE | |
| r-devel-linux-x86_64-debian-gcc | 0.1.2 | 1.31 | 15.92 | 17.23 | NOTE | |
| r-devel-linux-x86_64-fedora-clang | 0.1.2 | 32.10 | NOTE | |||
| r-devel-linux-x86_64-fedora-gcc | 0.1.2 | 29.52 | NOTE | |||
| r-devel-windows-x86_64 | 0.1.2 | 2.00 | 34.00 | 36.00 | NOTE | |
| r-patched-linux-x86_64 | 0.1.2 | 1.97 | 18.72 | 20.69 | NOTE | |
| r-release-linux-x86_64 | 0.1.2 | 1.79 | 18.28 | 20.07 | NOTE | |
| r-release-macos-arm64 | 0.1.2 | 1.00 | 14.00 | 15.00 | NOTE | |
| r-release-macos-x86_64 | 0.1.2 | 2.00 | 20.00 | 22.00 | NOTE | |
| r-release-windows-x86_64 | 0.1.2 | 2.00 | 33.00 | 35.00 | NOTE | |
| r-oldrel-macos-arm64 | 0.1.2 | 1.00 | 13.00 | 14.00 | NOTE | |
| r-oldrel-macos-x86_64 | 0.1.2 | 2.00 | 18.00 | 20.00 | NOTE | |
| r-oldrel-windows-x86_64 | 0.1.2 | 3.00 | 36.00 | 39.00 | NOTE | 
Version: 0.1.2
Check: CRAN incoming feasibility
Result: NOTE
  Maintainer: ‘Aaron Robotham <aaron.robotham@uwa.edu.au>’
  
  No Authors@R field in DESCRIPTION.
  Please add one, modifying
    Authors@R: person(given = "Aaron",
                      family = "Robotham",
                      role = c("aut", "cre"),
                      email = "aaron.robotham@uwa.edu.au")
  as necessary.
Flavors: r-devel-linux-x86_64-debian-clang, r-devel-linux-x86_64-debian-gcc
Version: 0.1.2
Check: DESCRIPTION meta-information
Result: NOTE
  Malformed Description field: should contain one or more complete sentences.
Flavors: r-devel-linux-x86_64-debian-clang, r-devel-linux-x86_64-debian-gcc, r-devel-linux-x86_64-fedora-clang, r-devel-linux-x86_64-fedora-gcc, r-devel-windows-x86_64, r-patched-linux-x86_64, r-release-linux-x86_64, r-release-macos-arm64, r-release-macos-x86_64, r-release-windows-x86_64, r-oldrel-macos-arm64, r-oldrel-macos-x86_64, r-oldrel-windows-x86_64