CRAN Package Check Results for Package smpic

Last updated on 2025-02-22 11:51:43 CET.

Flavor Version Tinstall Tcheck Ttotal Status Flags
r-devel-linux-x86_64-debian-clang 0.1.0 1.75 34.07 35.82 NOTE
r-devel-linux-x86_64-debian-gcc 0.1.0 1.35 26.81 28.16 NOTE
r-devel-linux-x86_64-fedora-clang 0.1.0 58.70 NOTE
r-devel-linux-x86_64-fedora-gcc 0.1.0 69.17 NOTE
r-devel-macos-arm64 0.1.0 29.00 OK
r-devel-macos-x86_64 0.1.0 53.00 OK
r-devel-windows-x86_64 0.1.0 4.00 54.00 58.00 OK
r-patched-linux-x86_64 0.1.0 1.79 32.79 34.58 NOTE
r-release-linux-x86_64 0.1.0 1.41 32.32 33.73 NOTE
r-release-macos-arm64 0.1.0 28.00 OK
r-release-macos-x86_64 0.1.0 43.00 OK
r-release-windows-x86_64 0.1.0 4.00 55.00 59.00 OK
r-oldrel-macos-arm64 0.1.0 28.00 OK
r-oldrel-macos-x86_64 0.1.0 39.00 OK
r-oldrel-windows-x86_64 0.1.0 4.00 59.00 63.00 OK

Check Details

Version: 0.1.0
Check: for non-standard things in the check directory
Result: NOTE Found the following files/directories: ‘my_new_social_media_plot.png’ Flavors: r-devel-linux-x86_64-debian-clang, r-devel-linux-x86_64-debian-gcc, r-devel-linux-x86_64-fedora-clang, r-devel-linux-x86_64-fedora-gcc, r-patched-linux-x86_64, r-release-linux-x86_64

mirror server hosted at Truenetwork, Russian Federation.