Last updated on 2025-10-14 12:50:36 CEST.
Flavor | Version | Tinstall | Tcheck | Ttotal | Status | Flags |
---|---|---|---|---|---|---|
r-devel-linux-x86_64-debian-clang | 2.0.1 | 4.00 | 30.65 | 34.65 | NOTE | |
r-devel-linux-x86_64-debian-gcc | 2.0.1 | 3.17 | 24.44 | 27.61 | NOTE | |
r-devel-linux-x86_64-fedora-clang | 2.0.1 | 56.43 | OK | |||
r-devel-linux-x86_64-fedora-gcc | 2.0.1 | 49.79 | OK | |||
r-devel-windows-x86_64 | 2.0.1 | 6.00 | 54.00 | 60.00 | OK | |
r-patched-linux-x86_64 | 2.0.1 | 5.36 | 28.78 | 34.14 | OK | |
r-release-linux-x86_64 | 2.0.1 | 4.59 | 29.31 | 33.90 | OK | |
r-release-macos-arm64 | 2.0.1 | 23.00 | OK | |||
r-release-macos-x86_64 | 2.0.1 | 33.00 | OK | |||
r-release-windows-x86_64 | 2.0.1 | 6.00 | 57.00 | 63.00 | OK | |
r-oldrel-macos-arm64 | 2.0.1 | 23.00 | OK | |||
r-oldrel-macos-x86_64 | 2.0.1 | 28.00 | OK | |||
r-oldrel-windows-x86_64 | 2.0.1 | 8.00 | 63.00 | 71.00 | OK |
Version: 2.0.1
Check: CRAN incoming feasibility
Result: NOTE
Maintainer: ‘Qingan Sun <quinsun@gmail.com>’
No Authors@R field in DESCRIPTION.
Please add one, modifying
Authors@R: c(person(given = "Qingan",
family = "Sun",
role = c("aut", "cre"),
email = "quinsun@gmail.com"),
person(given = "Xiaojun",
family = "Li",
role = "aut"),
person(given = c("James", "C"),
family = "Sacchettini",
role = "aut"))
as necessary.
Flavors: r-devel-linux-x86_64-debian-clang, r-devel-linux-x86_64-debian-gcc