Last updated on 2025-07-19 06:48:44 CEST.
Flavor | Version | Tinstall | Tcheck | Ttotal | Status | Flags |
---|---|---|---|---|---|---|
r-devel-linux-x86_64-debian-clang | 1.0.3 | 37.76 | 86.42 | 124.18 | NOTE | |
r-devel-linux-x86_64-debian-gcc | 1.0.3 | 29.03 | 58.98 | 88.01 | NOTE | |
r-devel-linux-x86_64-fedora-clang | 1.0.3 | 205.43 | NOTE | |||
r-devel-linux-x86_64-fedora-gcc | 1.0.3 | 225.90 | NOTE | |||
r-devel-windows-x86_64 | 1.0.3 | 46.00 | 121.00 | 167.00 | NOTE | |
r-patched-linux-x86_64 | 1.0.3 | 43.60 | 82.35 | 125.95 | NOTE | |
r-release-linux-x86_64 | 1.0.3 | 42.77 | 80.38 | 123.15 | NOTE | |
r-release-macos-arm64 | 1.0.3 | 61.00 | NOTE | |||
r-release-macos-x86_64 | 1.0.3 | 103.00 | NOTE | |||
r-release-windows-x86_64 | 1.0.3 | 47.00 | 119.00 | 166.00 | NOTE | |
r-oldrel-macos-arm64 | 1.0.3 | 56.00 | NOTE | |||
r-oldrel-macos-x86_64 | 1.0.3 | 81.00 | NOTE | |||
r-oldrel-windows-x86_64 | 1.0.3 | 56.00 | 150.00 | 206.00 | NOTE |
Version: 1.0.3
Check: C++ specification
Result: NOTE
Specified C++11: please drop specification unless essential
Flavors: r-devel-linux-x86_64-debian-clang, r-devel-linux-x86_64-debian-gcc, r-devel-linux-x86_64-fedora-clang, r-devel-linux-x86_64-fedora-gcc, r-devel-windows-x86_64, r-patched-linux-x86_64, r-release-linux-x86_64, r-release-macos-arm64, r-release-macos-x86_64, r-release-windows-x86_64, r-oldrel-macos-arm64, r-oldrel-macos-x86_64, r-oldrel-windows-x86_64
Version: 1.0.3
Check: Rd files
Result: NOTE
checkRd: (-1) getKernel.Rd:25-26: Lost braces in \itemize; \value handles \item{}{} directly
checkRd: (-1) getKernel.Rd:27-28: Lost braces in \itemize; \value handles \item{}{} directly
Flavors: r-devel-linux-x86_64-debian-clang, r-devel-linux-x86_64-debian-gcc, r-devel-linux-x86_64-fedora-clang, r-devel-linux-x86_64-fedora-gcc, r-devel-windows-x86_64, r-patched-linux-x86_64, r-release-linux-x86_64, r-release-macos-arm64, r-release-macos-x86_64, r-release-windows-x86_64, r-oldrel-macos-arm64, r-oldrel-macos-x86_64, r-oldrel-windows-x86_64
Version: 1.0.3
Check: installed package size
Result: NOTE
installed size is 5.1Mb
sub-directories of 1Mb or more:
libs 4.2Mb
Flavors: r-oldrel-macos-arm64, r-oldrel-macos-x86_64