Last updated on 2025-11-04 11:52:44 CET.
| Flavor | Version | Tinstall | Tcheck | Ttotal | Status | Flags | 
|---|---|---|---|---|---|---|
| r-devel-linux-x86_64-debian-clang | 0.1.4 | 4.22 | 41.07 | 45.29 | NOTE | |
| r-devel-linux-x86_64-debian-gcc | 0.1.4 | 3.30 | 32.46 | 35.76 | NOTE | |
| r-devel-linux-x86_64-fedora-clang | 0.1.4 | 10.00 | 57.23 | 67.23 | NOTE | |
| r-devel-linux-x86_64-fedora-gcc | 0.1.4 | 12.00 | 54.00 | 66.00 | NOTE | |
| r-devel-windows-x86_64 | 0.1.4 | 7.00 | 58.00 | 65.00 | NOTE | |
| r-patched-linux-x86_64 | 0.1.4 | 4.27 | 37.57 | 41.84 | NOTE | |
| r-release-linux-x86_64 | 0.1.4 | 4.06 | 37.62 | 41.68 | NOTE | |
| r-release-macos-arm64 | 0.1.4 | 2.00 | 26.00 | 28.00 | NOTE | |
| r-release-macos-x86_64 | 0.1.4 | 4.00 | 39.00 | 43.00 | NOTE | |
| r-release-windows-x86_64 | 0.1.4 | 6.00 | 58.00 | 64.00 | NOTE | |
| r-oldrel-macos-arm64 | 0.1.4 | 2.00 | 27.00 | 29.00 | NOTE | |
| r-oldrel-macos-x86_64 | 0.1.4 | 3.00 | 32.00 | 35.00 | NOTE | |
| r-oldrel-windows-x86_64 | 0.1.4 | 8.00 | 70.00 | 78.00 | NOTE | 
Version: 0.1.4
Check: Rd files
Result: NOTE
  checkRd: (-1) smdocker_log.Rd:34: Lost braces in \itemize; meant \describe ?
  checkRd: (-1) smdocker_log.Rd:35-37: Lost braces in \itemize; meant \describe ?
  checkRd: (-1) smdocker_log.Rd:38: Lost braces in \itemize; meant \describe ?
  checkRd: (-1) smdocker_log.Rd:16: Lost braces in \itemize; meant \describe ?
  checkRd: (-1) smdocker_log.Rd:17: Lost braces in \itemize; meant \describe ?
  checkRd: (-1) smdocker_log.Rd:18: Lost braces in \itemize; meant \describe ?
  checkRd: (-1) smdocker_log.Rd:19: Lost braces in \itemize; meant \describe ?
Flavors: r-devel-linux-x86_64-debian-clang, r-devel-linux-x86_64-debian-gcc, r-devel-linux-x86_64-fedora-clang, r-devel-linux-x86_64-fedora-gcc, r-devel-windows-x86_64, r-patched-linux-x86_64, r-release-linux-x86_64, r-release-macos-arm64, r-release-macos-x86_64, r-release-windows-x86_64, r-oldrel-macos-arm64, r-oldrel-macos-x86_64, r-oldrel-windows-x86_64