CRAN Package Check Results for Package slp

Last updated on 2025-05-29 00:48:35 CEST.

Flavor Version Tinstall Tcheck Ttotal Status Flags
r-devel-linux-x86_64-debian-clang 1.0-5 8.27 60.53 68.80 NOTE
r-devel-linux-x86_64-debian-gcc 1.0-5 5.75 49.56 55.31 NOTE
r-devel-linux-x86_64-fedora-clang 1.0-5 108.73 NOTE
r-devel-linux-x86_64-fedora-gcc 1.0-5 107.21 NOTE
r-devel-windows-x86_64 1.0-5 11.00 82.00 93.00 NOTE
r-patched-linux-x86_64 1.0-5 7.25 59.51 66.76 NOTE
r-release-linux-x86_64 1.0-5 7.34 60.68 68.02 NOTE
r-release-macos-arm64 1.0-5 43.00 NOTE
r-release-macos-x86_64 1.0-5 64.00 NOTE
r-release-windows-x86_64 1.0-5 11.00 89.00 100.00 NOTE
r-oldrel-macos-arm64 1.0-5 36.00 NOTE
r-oldrel-macos-x86_64 1.0-5 64.00 NOTE
r-oldrel-windows-x86_64 1.0-5 14.00 97.00 111.00 NOTE

Check Details

Version: 1.0-5
Check: CRAN incoming feasibility
Result: NOTE Maintainer: ‘Wesley Burr <wesley.burr@gmail.com>’ No Authors@R field in DESCRIPTION. Please add one, modifying Authors@R: c(person(given = "Wesley", family = "Burr", role = c("aut", "cre"), email = "wesley.burr@gmail.com"), person(given = c("with", "contributions", "from", "Karim"), family = "Rahim", role = "aut")) as necessary. Flavors: r-devel-linux-x86_64-debian-clang, r-devel-linux-x86_64-debian-gcc

Version: 1.0-5
Check: Rd files
Result: NOTE checkRd: (-1) slp-package.Rd:38: Escaped LaTeX specials: \& Flavors: r-devel-linux-x86_64-debian-clang, r-devel-linux-x86_64-debian-gcc, r-devel-linux-x86_64-fedora-clang, r-devel-linux-x86_64-fedora-gcc, r-devel-windows-x86_64, r-patched-linux-x86_64, r-release-linux-x86_64, r-release-macos-arm64, r-release-macos-x86_64, r-release-windows-x86_64, r-oldrel-macos-arm64, r-oldrel-macos-x86_64, r-oldrel-windows-x86_64

Version: 1.0-5
Check: compiled code
Result: NOTE File ‘slp/libs/slp.so’: Found no calls to: ‘R_registerRoutines’, ‘R_useDynamicSymbols’ It is good practice to register native routines and to disable symbol search. See ‘Writing portable packages’ in the ‘Writing R Extensions’ manual. Flavors: r-devel-linux-x86_64-fedora-clang, r-devel-linux-x86_64-fedora-gcc

mirror server hosted at Truenetwork, Russian Federation.