CRAN Package Check Results for Package sloop

Last updated on 2025-07-13 00:48:41 CEST.

Flavor Version Tinstall Tcheck Ttotal Status Flags
r-devel-linux-x86_64-debian-clang 1.0.1 2.64 28.64 31.28 OK
r-devel-linux-x86_64-debian-gcc 1.0.1 2.01 23.06 25.07 OK
r-devel-linux-x86_64-fedora-clang 1.0.1 46.09 OK
r-devel-linux-x86_64-fedora-gcc 1.0.1 43.94 OK
r-devel-windows-x86_64 1.0.1 4.00 47.00 51.00 OK
r-patched-linux-x86_64 1.0.1 2.73 25.27 28.00 OK
r-release-linux-x86_64 1.0.1 2.54 25.55 28.09 OK
r-release-macos-arm64 1.0.1 32.00 OK
r-release-macos-x86_64 1.0.1 30.00 OK
r-release-windows-x86_64 1.0.1 4.00 51.00 55.00 OK
r-oldrel-macos-arm64 1.0.1 20.00 NOTE
r-oldrel-macos-x86_64 1.0.1 27.00 NOTE
r-oldrel-windows-x86_64 1.0.1 5.00 52.00 57.00 NOTE

Check Details

Version: 1.0.1
Check: LazyData
Result: NOTE 'LazyData' is specified without a 'data' directory Flavors: r-oldrel-macos-arm64, r-oldrel-macos-x86_64, r-oldrel-windows-x86_64

mirror server hosted at Truenetwork, Russian Federation.