Last updated on 2025-05-22 18:52:20 CEST.
Flavor | Version | Tinstall | Tcheck | Ttotal | Status | Flags |
---|---|---|---|---|---|---|
r-devel-linux-x86_64-debian-clang | 0.3.1 | 1.85 | 49.48 | 51.33 | OK | |
r-devel-linux-x86_64-debian-gcc | 0.3.1 | 1.67 | 37.56 | 39.23 | OK | |
r-devel-linux-x86_64-fedora-clang | 0.3.1 | 83.10 | OK | |||
r-devel-linux-x86_64-fedora-gcc | 0.3.1 | 90.92 | OK | |||
r-devel-windows-x86_64 | 0.3.1 | 3.00 | 83.00 | 86.00 | OK | |
r-patched-linux-x86_64 | 0.3.1 | 2.35 | 45.71 | 48.06 | OK | |
r-release-linux-x86_64 | 0.3.1 | 1.94 | 46.24 | 48.18 | OK | |
r-release-macos-arm64 | 0.3.1 | 44.00 | OK | |||
r-release-macos-x86_64 | 0.3.1 | 83.00 | OK | |||
r-release-windows-x86_64 | 0.3.1 | 3.00 | 114.00 | 117.00 | OK | |
r-oldrel-macos-arm64 | 0.3.1 | 36.00 | NOTE | |||
r-oldrel-macos-x86_64 | 0.3.1 | 51.00 | NOTE | |||
r-oldrel-windows-x86_64 | 0.3.1 | 4.00 | 83.00 | 87.00 | NOTE |
Version: 0.3.1
Check: LazyData
Result: NOTE
'LazyData' is specified without a 'data' directory
Flavors: r-oldrel-macos-arm64, r-oldrel-macos-x86_64, r-oldrel-windows-x86_64