CRAN Package Check Results for Package slippymath

Last updated on 2025-07-12 06:48:36 CEST.

Flavor Version Tinstall Tcheck Ttotal Status Flags
r-devel-linux-x86_64-debian-clang 0.3.1 1.51 50.13 51.64 OK
r-devel-linux-x86_64-debian-gcc 0.3.1 1.28 37.11 38.39 OK
r-devel-linux-x86_64-fedora-clang 0.3.1 81.59 OK
r-devel-linux-x86_64-fedora-gcc 0.3.1 94.33 OK
r-devel-windows-x86_64 0.3.1 4.00 69.00 73.00 OK
r-patched-linux-x86_64 0.3.1 1.86 47.32 49.18 OK
r-release-linux-x86_64 0.3.1 1.91 46.77 48.68 OK
r-release-macos-arm64 0.3.1 44.00 OK
r-release-macos-x86_64 0.3.1 83.00 OK
r-release-windows-x86_64 0.3.1 4.00 70.00 74.00 OK
r-oldrel-macos-arm64 0.3.1 36.00 NOTE
r-oldrel-macos-x86_64 0.3.1 51.00 NOTE
r-oldrel-windows-x86_64 0.3.1 4.00 82.00 86.00 NOTE

Check Details

Version: 0.3.1
Check: LazyData
Result: NOTE 'LazyData' is specified without a 'data' directory Flavors: r-oldrel-macos-arm64, r-oldrel-macos-x86_64, r-oldrel-windows-x86_64

mirror server hosted at Truenetwork, Russian Federation.