Last updated on 2025-11-04 05:51:26 CET.
| Flavor | Version | Tinstall | Tcheck | Ttotal | Status | Flags | 
|---|---|---|---|---|---|---|
| r-devel-linux-x86_64-debian-clang | 1.4.0 | 42.67 | 68.83 | 111.50 | OK | |
| r-devel-linux-x86_64-debian-gcc | 1.4.0 | 32.12 | 48.29 | 80.41 | OK | |
| r-devel-linux-x86_64-fedora-clang | 1.4.0 | 83.00 | 115.55 | 198.55 | OK | |
| r-devel-linux-x86_64-fedora-gcc | 1.4.0 | 73.00 | 112.21 | 185.21 | OK | |
| r-devel-windows-x86_64 | 1.4.0 | 54.00 | 111.00 | 165.00 | OK | |
| r-patched-linux-x86_64 | 1.4.0 | 42.43 | 64.23 | 106.66 | OK | |
| r-release-linux-x86_64 | 1.4.0 | 43.81 | 63.93 | 107.74 | OK | |
| r-release-macos-arm64 | 1.4.0 | 19.00 | 31.00 | 50.00 | OK | |
| r-release-macos-x86_64 | 1.4.0 | 31.00 | 67.00 | 98.00 | OK | |
| r-release-windows-x86_64 | 1.4.0 | 51.00 | 113.00 | 164.00 | OK | |
| r-oldrel-macos-arm64 | 1.4.0 | 19.00 | 37.00 | 56.00 | NOTE | |
| r-oldrel-macos-x86_64 | 1.4.0 | 28.00 | 74.00 | 102.00 | NOTE | |
| r-oldrel-windows-x86_64 | 1.4.0 | 63.00 | 134.00 | 197.00 | NOTE | 
Version: 1.4.0
Check: installed package size
Result: NOTE
    installed size is  6.6Mb
    sub-directories of 1Mb or more:
      data   3.8Mb
      libs   2.2Mb
Flavors: r-oldrel-macos-arm64, r-oldrel-macos-x86_64, r-oldrel-windows-x86_64