CRAN Package Check Results for Package siqr

Last updated on 2025-07-16 07:49:21 CEST.

Flavor Version Tinstall Tcheck Ttotal Status Flags
r-devel-linux-x86_64-debian-clang 0.8.1 1.71 22.75 24.46 NOTE
r-devel-linux-x86_64-debian-gcc 0.8.1 1.47 18.51 19.98 NOTE
r-devel-linux-x86_64-fedora-clang 0.8.1 37.90 NOTE
r-devel-linux-x86_64-fedora-gcc 0.8.1 35.87 NOTE
r-devel-windows-x86_64 0.8.1 3.00 43.00 46.00 NOTE
r-patched-linux-x86_64 0.8.1 1.81 21.32 23.13 NOTE
r-release-linux-x86_64 0.8.1 1.72 21.69 23.41 NOTE
r-release-macos-arm64 0.8.1 20.00 NOTE
r-release-macos-x86_64 0.8.1 34.00 NOTE
r-release-windows-x86_64 0.8.1 3.00 49.00 52.00 NOTE
r-oldrel-macos-arm64 0.8.1 18.00 NOTE
r-oldrel-macos-x86_64 0.8.1 22.00 NOTE
r-oldrel-windows-x86_64 0.8.1 4.00 47.00 51.00 NOTE

Check Details

Version: 0.8.1
Check: package subdirectories
Result: NOTE Problems with news in ‘NEWS.md’: No news entries found. Flavors: r-devel-linux-x86_64-debian-clang, r-devel-linux-x86_64-debian-gcc, r-devel-linux-x86_64-fedora-clang, r-devel-linux-x86_64-fedora-gcc, r-devel-windows-x86_64, r-patched-linux-x86_64, r-release-linux-x86_64, r-release-macos-arm64, r-release-macos-x86_64, r-release-windows-x86_64, r-oldrel-macos-arm64, r-oldrel-macos-x86_64, r-oldrel-windows-x86_64

mirror server hosted at Truenetwork, Russian Federation.