Last updated on 2025-11-04 11:52:43 CET.
| Flavor | Version | Tinstall | Tcheck | Ttotal | Status | Flags | 
|---|---|---|---|---|---|---|
| r-devel-linux-x86_64-debian-clang | 1.0.2 | 11.22 | 171.05 | 182.27 | NOTE | |
| r-devel-linux-x86_64-debian-gcc | 1.0.2 | 8.38 | 128.41 | 136.79 | NOTE | |
| r-devel-linux-x86_64-fedora-clang | 1.0.2 | 61.00 | 238.68 | 299.68 | NOTE | |
| r-devel-linux-x86_64-fedora-gcc | 1.0.2 | 24.00 | 265.24 | 289.24 | NOTE | |
| r-devel-windows-x86_64 | 1.0.2 | 15.00 | 165.00 | 180.00 | NOTE | |
| r-patched-linux-x86_64 | 1.0.2 | 11.82 | 151.27 | 163.09 | NOTE | |
| r-release-linux-x86_64 | 1.0.2 | 10.46 | 161.14 | 171.60 | NOTE | |
| r-release-macos-arm64 | 1.0.2 | 5.00 | 78.00 | 83.00 | NOTE | |
| r-release-macos-x86_64 | 1.0.2 | 11.00 | 154.00 | 165.00 | NOTE | |
| r-release-windows-x86_64 | 1.0.2 | 13.00 | 160.00 | 173.00 | NOTE | |
| r-oldrel-macos-arm64 | 1.0.2 | 6.00 | 74.00 | 80.00 | OK | |
| r-oldrel-macos-x86_64 | 1.0.2 | 8.00 | 124.00 | 132.00 | OK | |
| r-oldrel-windows-x86_64 | 1.0.2 | 18.00 | 208.00 | 226.00 | OK | 
Version: 1.0.2
Check: DESCRIPTION meta-information
Result: NOTE
    Missing dependency on R >= 4.1.0 because package code uses the pipe
    |> or function shorthand \(...) syntax added in R 4.1.0.
    File(s) using such syntax:
      ‘debug.R’
Flavors: r-devel-linux-x86_64-debian-clang, r-devel-linux-x86_64-debian-gcc, r-devel-linux-x86_64-fedora-clang, r-devel-linux-x86_64-fedora-gcc, r-devel-windows-x86_64, r-patched-linux-x86_64, r-release-linux-x86_64, r-release-macos-arm64, r-release-macos-x86_64, r-release-windows-x86_64