Last updated on 2025-02-21 17:50:55 CET.
Flavor | Version | Tinstall | Tcheck | Ttotal | Status | Flags |
---|---|---|---|---|---|---|
r-devel-linux-x86_64-debian-clang | 0.1.3 | 40.24 | 116.56 | 156.80 | OK | |
r-devel-linux-x86_64-debian-gcc | 0.1.3 | 25.51 | 81.99 | 107.50 | OK | |
r-devel-linux-x86_64-fedora-clang | 0.1.3 | 254.51 | OK | |||
r-devel-linux-x86_64-fedora-gcc | 0.1.3 | 253.26 | OK | |||
r-devel-macos-arm64 | 0.1.3 | 53.00 | OK | |||
r-devel-macos-x86_64 | 0.1.3 | 148.00 | OK | |||
r-devel-windows-x86_64 | 0.1.3 | 36.00 | 154.00 | 190.00 | OK | |
r-patched-linux-x86_64 | 0.1.3 | 35.28 | 106.58 | 141.86 | OK | |
r-release-linux-x86_64 | 0.1.3 | 34.25 | 106.50 | 140.75 | OK | |
r-release-macos-arm64 | 0.1.3 | 79.00 | NOTE | |||
r-release-macos-x86_64 | 0.1.3 | 154.00 | NOTE | |||
r-release-windows-x86_64 | 0.1.3 | 37.00 | 147.00 | 184.00 | OK | |
r-oldrel-macos-arm64 | 0.1.2 | 66.00 | NOTE | |||
r-oldrel-macos-x86_64 | 0.1.3 | 225.00 | NOTE | |||
r-oldrel-windows-x86_64 | 0.1.3 | 49.00 | 175.00 | 224.00 | OK |
Version: 0.1.3
Check: installed package size
Result: NOTE
installed size is 5.4Mb
sub-directories of 1Mb or more:
data 2.3Mb
libs 2.7Mb
Flavors: r-release-macos-arm64, r-release-macos-x86_64, r-oldrel-macos-x86_64
Version: 0.1.2
Check: installed package size
Result: NOTE
installed size is 5.4Mb
sub-directories of 1Mb or more:
data 2.3Mb
libs 2.7Mb
Flavor: r-oldrel-macos-arm64