Last updated on 2025-02-22 17:49:59 CET.
Flavor | Version | Tinstall | Tcheck | Ttotal | Status | Flags |
---|---|---|---|---|---|---|
r-devel-linux-x86_64-debian-clang | 1.3 | 5.49 | 33.79 | 39.28 | NOTE | |
r-devel-linux-x86_64-debian-gcc | 1.3 | 3.40 | 23.89 | 27.29 | NOTE | |
r-devel-linux-x86_64-fedora-clang | 1.3 | 61.44 | NOTE | |||
r-devel-linux-x86_64-fedora-gcc | 1.3 | 58.55 | NOTE | |||
r-devel-macos-arm64 | 1.3 | 23.00 | OK | |||
r-devel-macos-x86_64 | 1.3 | 41.00 | OK | |||
r-devel-windows-x86_64 | 1.3 | 8.00 | 62.00 | 70.00 | NOTE | |
r-patched-linux-x86_64 | 1.3 | 4.94 | 32.22 | 37.16 | OK | |
r-release-linux-x86_64 | 1.3 | 5.05 | 31.28 | 36.33 | OK | |
r-release-macos-arm64 | 1.3 | 21.00 | OK | |||
r-release-macos-x86_64 | 1.3 | 32.00 | OK | |||
r-release-windows-x86_64 | 1.3 | 7.00 | 60.00 | 67.00 | OK | |
r-oldrel-macos-arm64 | 1.3 | 22.00 | OK | |||
r-oldrel-macos-x86_64 | 1.3 | 32.00 | OK | |||
r-oldrel-windows-x86_64 | 1.3 | 9.00 | 68.00 | 77.00 | OK |
Version: 1.3
Check: Rd cross-references
Result: NOTE
Found the following Rd file(s) with Rd \link{} targets missing package
anchors:
residuals.simplexreg.Rd: simplex
simplexreg.Rd: simplex
Please provide package anchors for all Rd \link{} targets not in the
package itself and the base packages.
Flavors: r-devel-linux-x86_64-debian-clang, r-devel-linux-x86_64-debian-gcc, r-devel-windows-x86_64
Version: 1.3
Check: compiled code
Result: NOTE
File ‘simplexreg/libs/simplexreg.so’:
Found no calls to: ‘R_registerRoutines’, ‘R_useDynamicSymbols’
It is good practice to register native routines and to disable symbol
search.
See ‘Writing portable packages’ in the ‘Writing R Extensions’ manual.
Flavors: r-devel-linux-x86_64-fedora-clang, r-devel-linux-x86_64-fedora-gcc