Last updated on 2025-07-13 06:48:38 CEST.
Flavor | Version | Tinstall | Tcheck | Ttotal | Status | Flags |
---|---|---|---|---|---|---|
r-devel-linux-x86_64-debian-clang | 2021.03.10 | 4.13 | 35.96 | 40.09 | OK | |
r-devel-linux-x86_64-debian-gcc | 2021.03.10 | 3.02 | 28.29 | 31.31 | OK | |
r-devel-linux-x86_64-fedora-clang | 2021.03.10 | 63.20 | NOTE | |||
r-devel-linux-x86_64-fedora-gcc | 2021.03.10 | 59.10 | NOTE | |||
r-devel-windows-x86_64 | 2021.03.10 | 5.00 | 58.00 | 63.00 | OK | |
r-patched-linux-x86_64 | 2021.03.10 | 3.86 | 34.41 | 38.27 | OK | |
r-release-linux-x86_64 | 2021.03.10 | 3.76 | 34.33 | 38.09 | OK | |
r-release-macos-arm64 | 2021.03.10 | 26.00 | OK | |||
r-release-macos-x86_64 | 2021.03.10 | 41.00 | OK | |||
r-release-windows-x86_64 | 2021.03.10 | 6.00 | 58.00 | 64.00 | OK | |
r-oldrel-macos-arm64 | 2021.03.10 | 23.00 | NOTE | |||
r-oldrel-macos-x86_64 | 2021.03.10 | 32.00 | NOTE | |||
r-oldrel-windows-x86_64 | 2021.03.10 | 7.00 | 70.00 | 77.00 | NOTE |
Version: 2021.03.10
Check: dependencies in R code
Result: NOTE
Namespace in Imports field not imported from: ‘DBI’
All declared Imports should be used.
Flavors: r-devel-linux-x86_64-fedora-clang, r-devel-linux-x86_64-fedora-gcc
Version: 2021.03.10
Check: LazyData
Result: NOTE
'LazyData' is specified without a 'data' directory
Flavors: r-oldrel-macos-arm64, r-oldrel-macos-x86_64, r-oldrel-windows-x86_64