Last updated on 2025-05-27 18:50:02 CEST.
Flavor | Version | Tinstall | Tcheck | Ttotal | Status | Flags |
---|---|---|---|---|---|---|
r-devel-linux-x86_64-debian-clang | 4.4.7 | 67.19 | 114.85 | 182.04 | OK | |
r-devel-linux-x86_64-debian-gcc | 4.4.7 | 60.27 | 85.70 | 145.97 | OK | |
r-devel-linux-x86_64-fedora-clang | 4.4.7 | 317.47 | OK | |||
r-devel-linux-x86_64-fedora-gcc | 4.4.7 | 349.61 | OK | |||
r-devel-windows-x86_64 | 4.4.7 | 75.00 | 189.00 | 264.00 | OK | |
r-patched-linux-x86_64 | 4.4.7 | 86.35 | 111.28 | 197.63 | OK | |
r-release-linux-x86_64 | 4.4.7 | 83.53 | 110.78 | 194.31 | OK | |
r-release-macos-arm64 | 4.4.7 | 99.00 | OK | |||
r-release-macos-x86_64 | 4.4.7 | 159.00 | OK | |||
r-release-windows-x86_64 | 4.4.7 | 80.00 | 187.00 | 267.00 | OK | |
r-oldrel-macos-arm64 | 4.4.7 | 118.00 | NOTE | |||
r-oldrel-macos-x86_64 | 4.4.7 | 199.00 | NOTE | |||
r-oldrel-windows-x86_64 | 4.4.7 | 78.00 | 221.00 | 299.00 | OK |
Version: 4.4.7
Check: installed package size
Result: NOTE
installed size is 14.9Mb
sub-directories of 1Mb or more:
doc 1.5Mb
libs 12.8Mb
Flavors: r-oldrel-macos-arm64, r-oldrel-macos-x86_64