Last updated on 2025-02-21 17:50:55 CET.
Flavor | Version | Tinstall | Tcheck | Ttotal | Status | Flags |
---|---|---|---|---|---|---|
r-devel-linux-x86_64-debian-clang | 1.2.9 | 36.62 | 37.25 | 73.87 | OK | |
r-devel-linux-x86_64-debian-gcc | 1.2.9 | 23.91 | 26.78 | 50.69 | OK | |
r-devel-linux-x86_64-fedora-clang | 1.2.9 | 120.91 | OK | |||
r-devel-linux-x86_64-fedora-gcc | 1.2.9 | 123.10 | OK | |||
r-devel-macos-arm64 | 1.2.8 | 37.00 | OK | |||
r-devel-macos-x86_64 | 1.2.9 | 124.00 | OK | |||
r-devel-windows-x86_64 | 1.2.9 | 32.00 | 95.00 | 127.00 | OK | |
r-patched-linux-x86_64 | 1.2.9 | 39.28 | 35.07 | 74.35 | OK | |
r-release-linux-x86_64 | 1.2.9 | 34.43 | 34.33 | 68.76 | OK | |
r-release-macos-arm64 | 1.2.8 | 36.00 | OK | |||
r-release-macos-x86_64 | 1.2.9 | 117.00 | NOTE | |||
r-release-windows-x86_64 | 1.2.9 | 35.00 | 82.00 | 117.00 | OK | |
r-oldrel-macos-arm64 | 1.2.7 | 52.00 | NOTE | |||
r-oldrel-macos-x86_64 | 1.2.9 | 95.00 | NOTE | |||
r-oldrel-windows-x86_64 | 1.2.9 | 44.00 | 97.00 | 141.00 | OK |
Version: 1.2.9
Check: installed package size
Result: NOTE
installed size is 5.0Mb
sub-directories of 1Mb or more:
libs 4.8Mb
Flavors: r-release-macos-x86_64, r-oldrel-macos-x86_64
Version: 1.2.7
Check: installed package size
Result: NOTE
installed size is 5.1Mb
sub-directories of 1Mb or more:
libs 4.7Mb
Flavor: r-oldrel-macos-arm64