CRAN Package Check Results for Package simMetric

Last updated on 2025-11-03 17:50:03 CET.

Flavor Version Tinstall Tcheck Ttotal Status Flags
r-devel-linux-x86_64-debian-clang 0.1.1 2.06 25.33 27.39 NOTE
r-devel-linux-x86_64-debian-gcc 0.1.1 1.44 20.37 21.81 NOTE
r-devel-linux-x86_64-fedora-clang 0.1.1 39.41 OK
r-devel-linux-x86_64-fedora-gcc 0.1.1 37.08 OK
r-devel-windows-x86_64 0.1.1 5.00 43.00 48.00 OK
r-patched-linux-x86_64 0.1.1 2.04 22.75 24.79 OK
r-release-linux-x86_64 0.1.1 1.86 22.81 24.67 OK
r-release-macos-arm64 0.1.1 1.00 17.00 18.00 OK
r-release-macos-x86_64 0.1.1 2.00 42.00 44.00 OK
r-release-windows-x86_64 0.1.1 4.00 42.00 46.00 OK
r-oldrel-macos-arm64 0.1.1 1.00 17.00 18.00 OK
r-oldrel-macos-x86_64 0.1.1 2.00 23.00 25.00 OK
r-oldrel-windows-x86_64 0.1.1 6.00 51.00 57.00 OK

Check Details

Version: 0.1.1
Check: CRAN incoming feasibility
Result: NOTE Maintainer: ‘Rex Parsons <Rex.Parsons94@gmail.com>’ Package CITATION file contains call(s) to old-style citEntry(). Please use bibentry() instead. Flavors: r-devel-linux-x86_64-debian-clang, r-devel-linux-x86_64-debian-gcc

mirror server hosted at Truenetwork, Russian Federation.