Last updated on 2025-11-04 05:51:25 CET.
| Flavor | Version | Tinstall | Tcheck | Ttotal | Status | Flags | 
|---|---|---|---|---|---|---|
| r-devel-linux-x86_64-debian-clang | 0.1.0 | 6.09 | 122.86 | 128.95 | OK | |
| r-devel-linux-x86_64-debian-gcc | 0.1.0 | 4.20 | 84.68 | 88.88 | OK | |
| r-devel-linux-x86_64-fedora-clang | 0.1.0 | 12.00 | 187.22 | 199.22 | OK | |
| r-devel-linux-x86_64-fedora-gcc | 0.1.0 | 12.00 | 192.84 | 204.84 | OK | |
| r-devel-windows-x86_64 | 0.1.0 | 9.00 | 137.00 | 146.00 | OK | |
| r-patched-linux-x86_64 | 0.1.0 | 5.78 | 113.46 | 119.24 | OK | |
| r-release-linux-x86_64 | 0.1.0 | 4.77 | 114.13 | 118.90 | OK | |
| r-release-macos-arm64 | 0.1.0 | 3.00 | 57.00 | 60.00 | OK | |
| r-release-macos-x86_64 | 0.1.0 | 5.00 | 114.00 | 119.00 | OK | |
| r-release-windows-x86_64 | 0.1.0 | 7.00 | 135.00 | 142.00 | OK | |
| r-oldrel-macos-arm64 | 0.1.0 | 2.00 | 60.00 | 62.00 | OK | |
| r-oldrel-macos-x86_64 | 0.1.0 | 4.00 | 93.00 | 97.00 | OK | |
| r-oldrel-windows-x86_64 | 0.1.0 | 10.00 | 183.00 | 193.00 | ERROR | 
Version: 0.1.0
Check: re-building of vignette outputs
Result: ERROR
  Error(s) in re-building vignettes:
  --- re-building 'sim.BA.Rmd' using rmarkdown
  File images/dag.png not found in resource path
  Error: processing vignette 'sim.BA.Rmd' failed with diagnostics:
  pandoc document conversion failed with error 99
  --- failed re-building 'sim.BA.Rmd'
  
  SUMMARY: processing the following file failed:
    'sim.BA.Rmd'
  
  Error: Vignette re-building failed.
  Execution halted
Flavor: r-oldrel-windows-x86_64