CRAN Package Check Results for Package shroomDK

Last updated on 2025-07-16 00:49:55 CEST.

Flavor Version Tinstall Tcheck Ttotal Status Flags
r-devel-linux-x86_64-debian-clang 0.3.0 1.87 21.20 23.07 NOTE
r-devel-linux-x86_64-debian-gcc 0.3.0 1.55 17.90 19.45 NOTE
r-devel-linux-x86_64-fedora-clang 0.3.0 35.33 OK
r-devel-linux-x86_64-fedora-gcc 0.3.0 33.32 OK
r-devel-windows-x86_64 0.3.0 3.00 49.00 52.00 OK
r-patched-linux-x86_64 0.3.0 1.84 20.13 21.97 OK
r-release-linux-x86_64 0.3.0 1.69 19.93 21.62 OK
r-release-macos-arm64 0.3.0 19.00 OK
r-release-macos-x86_64 0.3.0 28.00 OK
r-release-windows-x86_64 0.3.0 3.00 52.00 55.00 OK
r-oldrel-macos-arm64 0.3.0 17.00 OK
r-oldrel-macos-x86_64 0.3.0 24.00 OK
r-oldrel-windows-x86_64 0.3.0 4.00 49.00 53.00 OK

Check Details

Version: 0.3.0
Check: CRAN incoming feasibility
Result: NOTE Maintainer: ‘Carlos Mercado <carlos.mercado@flipsidecrypto.com>’ No Authors@R field in DESCRIPTION. Please add one, modifying Authors@R: person(given = "Carlos", family = "Mercado", role = c("aut", "cre"), email = "carlos.mercado@flipsidecrypto.com") as necessary. Flavors: r-devel-linux-x86_64-debian-clang, r-devel-linux-x86_64-debian-gcc

mirror server hosted at Truenetwork, Russian Federation.