Last updated on 2025-11-04 05:51:25 CET.
| Flavor | Version | Tinstall | Tcheck | Ttotal | Status | Flags | 
|---|---|---|---|---|---|---|
| r-devel-linux-x86_64-debian-clang | 3.1.0 | 193.27 | 69.43 | 262.70 | OK | |
| r-devel-linux-x86_64-debian-gcc | 3.1.0 | 132.29 | 50.46 | 182.75 | OK | |
| r-devel-linux-x86_64-fedora-clang | 3.1.0 | 278.00 | 231.39 | 509.39 | OK | |
| r-devel-linux-x86_64-fedora-gcc | 3.1.0 | 201.00 | 269.63 | 470.63 | OK | |
| r-devel-windows-x86_64 | 3.1.0 | 227.00 | 122.00 | 349.00 | OK | |
| r-patched-linux-x86_64 | 3.1.0 | 196.31 | 66.73 | 263.04 | OK | |
| r-release-linux-x86_64 | 3.1.0 | 198.05 | 66.89 | 264.94 | OK | |
| r-release-macos-arm64 | 3.1.0 | 75.00 | 43.00 | 118.00 | OK | |
| r-release-macos-x86_64 | 3.1.0 | 81.00 | 91.00 | 172.00 | OK | |
| r-release-windows-x86_64 | 3.1.0 | 206.00 | 120.00 | 326.00 | OK | |
| r-oldrel-macos-arm64 | 3.1.0 | 71.00 | 46.00 | 117.00 | NOTE | |
| r-oldrel-macos-x86_64 | 3.1.0 | 68.00 | 125.00 | 193.00 | NOTE | |
| r-oldrel-windows-x86_64 | 3.1.0 | 263.00 | 153.00 | 416.00 | OK | 
Version: 3.1.0
Check: installed package size
Result: NOTE
    installed size is 13.3Mb
    sub-directories of 1Mb or more:
      libs  12.3Mb
Flavors: r-oldrel-macos-arm64, r-oldrel-macos-x86_64