CRAN Package Check Results for Package shinymgr

Last updated on 2025-07-25 18:56:09 CEST.

Flavor Version Tinstall Tcheck Ttotal Status Flags
r-devel-linux-x86_64-debian-clang 1.1.0 5.86 82.57 88.43 OK
r-devel-linux-x86_64-debian-gcc 1.1.0 4.79 61.75 66.54 OK
r-devel-linux-x86_64-fedora-clang 1.1.0 130.51 NOTE
r-devel-linux-x86_64-fedora-gcc 1.1.0 128.30 NOTE
r-devel-windows-x86_64 1.1.0 10.00 105.00 115.00 OK
r-patched-linux-x86_64 1.1.0 7.05 77.28 84.33 OK
r-release-linux-x86_64 1.1.0 4.81 76.94 81.75 OK
r-release-macos-arm64 1.1.0 44.00 OK
r-release-macos-x86_64 1.1.0 94.00 OK
r-release-windows-x86_64 1.1.0 11.00 102.00 113.00 OK
r-oldrel-macos-arm64 1.1.0 46.00 NOTE
r-oldrel-macos-x86_64 1.1.0 69.00 NOTE
r-oldrel-windows-x86_64 1.1.0 13.00 124.00 137.00 NOTE

Check Details

Version: 1.1.0
Check: dependencies in R code
Result: NOTE Namespace in Imports field not imported from: ‘shinydashboard’ All declared Imports should be used. Flavors: r-devel-linux-x86_64-fedora-clang, r-devel-linux-x86_64-fedora-gcc

Version: 1.1.0
Check: installed package size
Result: NOTE installed size is 5.6Mb sub-directories of 1Mb or more: shinymgr 1.4Mb tutorials 3.6Mb Flavors: r-oldrel-macos-arm64, r-oldrel-macos-x86_64, r-oldrel-windows-x86_64

mirror server hosted at Truenetwork, Russian Federation.