CRAN Package Check Results for Package shinymaterial

Last updated on 2025-07-10 06:50:31 CEST.

Flavor Version Tinstall Tcheck Ttotal Status Flags
r-devel-linux-x86_64-debian-clang 1.2.0 2.58 27.86 30.44 OK
r-devel-linux-x86_64-debian-gcc 1.2.0 2.06 21.42 23.48 OK
r-devel-linux-x86_64-fedora-clang 1.2.0 46.46 OK
r-devel-linux-x86_64-fedora-gcc 1.2.0 43.46 OK
r-devel-windows-x86_64 1.2.0 4.00 55.00 59.00 OK
r-patched-linux-x86_64 1.2.0 3.23 26.10 29.33 OK
r-release-linux-x86_64 1.2.0 2.43 25.34 27.77 OK
r-release-macos-arm64 1.2.0 25.00 OK
r-release-macos-x86_64 1.2.0 35.00 OK
r-release-windows-x86_64 1.2.0 5.00 55.00 60.00 OK
r-oldrel-macos-arm64 1.2.0 20.00 NOTE
r-oldrel-macos-x86_64 1.2.0 30.00 NOTE
r-oldrel-windows-x86_64 1.2.0 6.00 59.00 65.00 NOTE

Check Details

Version: 1.2.0
Check: LazyData
Result: NOTE 'LazyData' is specified without a 'data' directory Flavors: r-oldrel-macos-arm64, r-oldrel-macos-x86_64, r-oldrel-windows-x86_64

mirror server hosted at Truenetwork, Russian Federation.