Last updated on 2025-11-04 05:51:25 CET.
| Flavor | Version | Tinstall | Tcheck | Ttotal | Status | Flags | 
|---|---|---|---|---|---|---|
| r-devel-linux-x86_64-debian-clang | 1.0.410 | 12.69 | 94.87 | 107.56 | NOTE | |
| r-devel-linux-x86_64-debian-gcc | 1.0.410 | 8.10 | 68.33 | 76.43 | NOTE | |
| r-devel-linux-x86_64-fedora-clang | 1.0.410 | 23.00 | 137.35 | 160.35 | NOTE | |
| r-devel-linux-x86_64-fedora-gcc | 1.0.410 | 22.00 | 143.54 | 165.54 | NOTE | |
| r-devel-windows-x86_64 | 1.0.410 | 16.00 | 100.00 | 116.00 | NOTE | |
| r-patched-linux-x86_64 | 1.0.410 | 11.13 | 89.15 | 100.28 | NOTE | |
| r-release-linux-x86_64 | 1.0.410 | 11.36 | 88.82 | 100.18 | NOTE | |
| r-release-macos-arm64 | 1.0.410 | 4.00 | 42.00 | 46.00 | NOTE | |
| r-release-macos-x86_64 | 1.0.410 | 6.00 | 68.00 | 74.00 | NOTE | |
| r-release-windows-x86_64 | 1.0.410 | 18.00 | 98.00 | 116.00 | NOTE | |
| r-oldrel-macos-arm64 | 1.0.410 | 4.00 | 43.00 | 47.00 | NOTE | |
| r-oldrel-macos-x86_64 | 1.0.410 | 7.00 | 69.00 | 76.00 | NOTE | |
| r-oldrel-windows-x86_64 | 1.0.410 | 21.00 | 124.00 | 145.00 | NOTE | 
Version: 1.0.410
Check: Rd files
Result: NOTE
  checkRd: (-1) custom-labels.Rd:7: Lost braces; missing escapes or markup?
       7 | \title{Modify {shinymanager} labels to use custom text}
         |               ^
  checkRd: (-1) use_language.Rd:5: Lost braces; missing escapes or markup?
       5 | \title{Use {shinymanager} labels}
         |            ^
Flavors: r-devel-linux-x86_64-debian-clang, r-devel-linux-x86_64-debian-gcc, r-devel-linux-x86_64-fedora-clang, r-devel-linux-x86_64-fedora-gcc, r-devel-windows-x86_64, r-patched-linux-x86_64, r-release-linux-x86_64, r-release-macos-arm64, r-release-macos-x86_64, r-release-windows-x86_64, r-oldrel-macos-arm64, r-oldrel-macos-x86_64, r-oldrel-windows-x86_64