Last updated on 2025-05-22 18:52:19 CEST.
Flavor | Version | Tinstall | Tcheck | Ttotal | Status | Flags |
---|---|---|---|---|---|---|
r-devel-linux-x86_64-debian-clang | 0.2.1 | 7.37 | 67.18 | 74.55 | NOTE | |
r-devel-linux-x86_64-debian-gcc | 0.2.1 | 5.09 | 45.93 | 51.02 | NOTE | |
r-devel-linux-x86_64-fedora-clang | 0.2.1 | 112.11 | NOTE | |||
r-devel-linux-x86_64-fedora-gcc | 0.2.1 | 124.56 | NOTE | |||
r-devel-windows-x86_64 | 0.2.1 | 8.00 | 104.00 | 112.00 | NOTE | |
r-patched-linux-x86_64 | 0.2.1 | 6.32 | 59.06 | 65.38 | NOTE | |
r-release-linux-x86_64 | 0.2.1 | 6.11 | 59.40 | 65.51 | NOTE | |
r-release-macos-arm64 | 0.2.1 | 48.00 | NOTE | |||
r-release-macos-x86_64 | 0.2.1 | 75.00 | NOTE | |||
r-release-windows-x86_64 | 0.2.1 | 10.00 | 120.00 | 130.00 | NOTE | |
r-oldrel-macos-arm64 | 0.2.1 | 38.00 | NOTE | |||
r-oldrel-macos-x86_64 | 0.2.1 | 58.00 | NOTE | |||
r-oldrel-windows-x86_64 | 0.2.1 | 11.00 | 97.00 | 108.00 | NOTE |
Version: 0.2.1
Check: Rd files
Result: NOTE
checkRd: (-1) store_googledrive.Rd:19: Lost braces; missing escapes or markup?
19 | See the {gargle} package to manage authentication, and especially
| ^
checkRd: (-1) store_googledrive.Rd:20: Lost braces; missing escapes or markup?
20 | \href{https://gargle.r-lib.org/articles/articles/managing-tokens-securely.html}{this vignette from {gargle} package} to manage the process.
| ^
Flavors: r-devel-linux-x86_64-debian-clang, r-devel-linux-x86_64-debian-gcc, r-devel-linux-x86_64-fedora-clang, r-devel-linux-x86_64-fedora-gcc, r-devel-windows-x86_64, r-patched-linux-x86_64, r-release-linux-x86_64, r-release-macos-arm64, r-release-macos-x86_64, r-release-windows-x86_64, r-oldrel-macos-arm64, r-oldrel-macos-x86_64, r-oldrel-windows-x86_64