CRAN Package Check Results for Package shinydlplot

Last updated on 2025-05-19 12:50:17 CEST.

Flavor Version Tinstall Tcheck Ttotal Status Flags
r-devel-linux-x86_64-debian-clang 0.1.4 3.43 33.78 37.21 NOTE
r-devel-linux-x86_64-debian-gcc 0.1.4 2.38 25.49 27.87 NOTE
r-devel-linux-x86_64-fedora-clang 0.1.4 57.11 OK
r-devel-linux-x86_64-fedora-gcc 0.1.4 56.76 OK
r-devel-windows-x86_64 0.1.4 7.00 63.00 70.00 NOTE
r-patched-linux-x86_64 0.1.4 3.49 31.42 34.91 NOTE
r-release-linux-x86_64 0.1.4 2.66 30.90 33.56 NOTE
r-release-macos-arm64 0.1.4 28.00 OK
r-release-macos-x86_64 0.1.4 34.00 OK
r-release-windows-x86_64 0.1.4 6.00 58.00 64.00 NOTE
r-oldrel-macos-arm64 0.1.4 21.00 OK
r-oldrel-macos-x86_64 0.1.4 33.00 OK
r-oldrel-windows-x86_64 0.1.4 6.00 59.00 65.00 OK

Check Details

Version: 0.1.4
Check: CRAN incoming feasibility
Result: NOTE Maintainer: ‘Alex Pickering <alexvpickering@gmail.com>’ No Authors@R field in DESCRIPTION. Please add one, modifying Authors@R: person(given = "Alex", family = "Pickering", role = c("aut", "cre"), email = "alexvpickering@gmail.com") as necessary. Flavors: r-devel-linux-x86_64-debian-clang, r-devel-linux-x86_64-debian-gcc

Version: 0.1.4
Check: Rd cross-references
Result: NOTE Found the following Rd file(s) with Rd \link{} targets missing package anchors: downloadablePlot.Rd: renderPlot downloadablePlotUI.Rd: plotOutput Please provide package anchors for all Rd \link{} targets not in the package itself and the base packages. Flavors: r-devel-linux-x86_64-debian-clang, r-devel-linux-x86_64-debian-gcc, r-devel-windows-x86_64, r-patched-linux-x86_64, r-release-linux-x86_64, r-release-windows-x86_64

mirror server hosted at Truenetwork, Russian Federation.