Last updated on 2025-05-22 12:50:13 CEST.
Flavor | Version | Tinstall | Tcheck | Ttotal | Status | Flags |
---|---|---|---|---|---|---|
r-devel-linux-x86_64-debian-clang | 0.4.0 | 2.65 | 30.96 | 33.61 | NOTE | |
r-devel-linux-x86_64-debian-gcc | 0.4.0 | 1.96 | 24.73 | 26.69 | NOTE | |
r-devel-linux-x86_64-fedora-clang | 0.4.0 | 51.00 | OK | |||
r-devel-linux-x86_64-fedora-gcc | 0.4.0 | 51.92 | OK | |||
r-devel-windows-x86_64 | 0.4.0 | 5.00 | 70.00 | 75.00 | OK | |
r-patched-linux-x86_64 | 0.4.0 | 2.66 | 28.97 | 31.63 | OK | |
r-release-linux-x86_64 | 0.4.0 | 2.72 | 29.07 | 31.79 | OK | |
r-release-macos-arm64 | 0.4.0 | 30.00 | OK | |||
r-release-macos-x86_64 | 0.4.0 | 34.00 | OK | |||
r-release-windows-x86_64 | 0.4.0 | 6.00 | 86.00 | 92.00 | OK | |
r-oldrel-macos-arm64 | 0.4.0 | 19.00 | OK | |||
r-oldrel-macos-x86_64 | 0.4.0 | 29.00 | OK | |||
r-oldrel-windows-x86_64 | 0.4.0 | 5.00 | 57.00 | 62.00 | OK |
Version: 0.4.0
Check: CRAN incoming feasibility
Result: NOTE
Maintainer: ‘Swechhya Bista <swechhyabista@gmail.com>’
No Authors@R field in DESCRIPTION.
Please add one, modifying
Authors@R: person(given = "Swechhya",
family = "Bista",
role = c("aut", "cre"),
email = "swechhyabista@gmail.com")
as necessary.
Flavors: r-devel-linux-x86_64-debian-clang, r-devel-linux-x86_64-debian-gcc