Last updated on 2025-11-04 05:51:25 CET.
| Flavor | Version | Tinstall | Tcheck | Ttotal | Status | Flags | 
|---|---|---|---|---|---|---|
| r-devel-linux-x86_64-debian-clang | 0.1.0 | 3.29 | 36.38 | 39.67 | NOTE | |
| r-devel-linux-x86_64-debian-gcc | 0.1.0 | 2.87 | 31.31 | 34.18 | NOTE | |
| r-devel-linux-x86_64-fedora-clang | 0.1.0 | 59.74 | OK | |||
| r-devel-linux-x86_64-fedora-gcc | 0.1.0 | 57.58 | OK | |||
| r-devel-windows-x86_64 | 0.1.0 | 7.00 | 57.00 | 64.00 | OK | |
| r-patched-linux-x86_64 | 0.1.0 | 4.08 | 35.10 | 39.18 | OK | |
| r-release-linux-x86_64 | 0.1.0 | 3.69 | 35.22 | 38.91 | OK | |
| r-release-macos-arm64 | 0.1.0 | 2.00 | 19.00 | 21.00 | OK | |
| r-release-macos-x86_64 | 0.1.0 | 3.00 | 27.00 | 30.00 | OK | |
| r-release-windows-x86_64 | 0.1.0 | 7.00 | 57.00 | 64.00 | OK | |
| r-oldrel-macos-arm64 | 0.1.0 | 2.00 | 19.00 | 21.00 | OK | |
| r-oldrel-macos-x86_64 | 0.1.0 | 4.00 | 29.00 | 33.00 | OK | |
| r-oldrel-windows-x86_64 | 0.1.0 | 8.00 | 65.00 | 73.00 | OK | 
Version: 0.1.0
Check: CRAN incoming feasibility
Result: NOTE
  Maintainer: ‘Jeff Allen <jeff@trestletech.com>’
  
  No Authors@R field in DESCRIPTION.
  Please add one, modifying
    Authors@R: c(person(given = "Trestle",
                        family = "Technology",
                        role = "aut"),
                 person(family = "LLC.",
                        role = "aut"),
                 person(given = "Jeff",
                        family = "Allen",
                        role = "cre",
                        email = "jeff@trestletech.com"))
  as necessary.
Flavors: r-devel-linux-x86_64-debian-clang, r-devel-linux-x86_64-debian-gcc