Last updated on 2025-11-04 11:52:43 CET.
| Flavor | Version | Tinstall | Tcheck | Ttotal | Status | Flags | 
|---|---|---|---|---|---|---|
| r-devel-linux-x86_64-debian-clang | 1.4.6.1 | 2.59 | 41.11 | 43.70 | NOTE | |
| r-devel-linux-x86_64-debian-gcc | 1.4.6.1 | 1.83 | 32.03 | 33.86 | NOTE | |
| r-devel-linux-x86_64-fedora-clang | 1.4.6.1 | 61.47 | OK | |||
| r-devel-linux-x86_64-fedora-gcc | 1.4.6.1 | 73.55 | OK | |||
| r-devel-windows-x86_64 | 1.4.6.1 | 4.00 | 76.00 | 80.00 | OK | |
| r-patched-linux-x86_64 | 1.4.6.1 | 2.92 | 39.18 | 42.10 | OK | |
| r-release-linux-x86_64 | 1.4.6.1 | 2.45 | 39.24 | 41.69 | OK | |
| r-release-macos-arm64 | 1.4.6.1 | 2.00 | 35.00 | 37.00 | OK | |
| r-release-macos-x86_64 | 1.4.6.1 | 2.00 | 58.00 | 60.00 | OK | |
| r-release-windows-x86_64 | 1.4.6.1 | 6.00 | 77.00 | 83.00 | OK | |
| r-oldrel-macos-arm64 | 1.4.6.1 | 1.00 | 34.00 | 35.00 | OK | |
| r-oldrel-macos-x86_64 | 1.4.6.1 | 2.00 | 48.00 | 50.00 | OK | |
| r-oldrel-windows-x86_64 | 1.4.6.1 | 6.00 | 77.00 | 83.00 | OK | 
Version: 1.4.6.1
Check: CRAN incoming feasibility
Result: NOTE
  Maintainer: ‘Karline Soetaert <karline.soetaert@nioz.nl>’
  
  No Authors@R field in DESCRIPTION.
  Please add one, modifying
    Authors@R: person(given = "Karline",
                      family = "Soetaert",
                      role = c("aut", "cre"),
                      email = "karline.soetaert@nioz.nl")
  as necessary.
Flavors: r-devel-linux-x86_64-debian-clang, r-devel-linux-x86_64-debian-gcc