Last updated on 2025-05-23 18:50:39 CEST.
Flavor | Version | Tinstall | Tcheck | Ttotal | Status | Flags |
---|---|---|---|---|---|---|
r-devel-linux-x86_64-debian-clang | 1.1.0 | 5.69 | 60.89 | 66.58 | NOTE | |
r-devel-linux-x86_64-debian-gcc | 1.1.0 | 4.61 | 43.09 | 47.70 | NOTE | |
r-devel-linux-x86_64-fedora-clang | 1.1.0 | 106.94 | NOTE | |||
r-devel-linux-x86_64-fedora-gcc | 1.1.0 | 124.46 | NOTE | |||
r-devel-windows-x86_64 | 1.1.0 | 11.00 | 79.00 | 90.00 | NOTE | |
r-patched-linux-x86_64 | 1.1.0 | 5.52 | 56.24 | 61.76 | NOTE | |
r-release-linux-x86_64 | 1.1.0 | 5.64 | 55.99 | 61.63 | NOTE | |
r-release-macos-arm64 | 1.1.0 | 57.00 | NOTE | |||
r-release-macos-x86_64 | 1.1.0 | 71.00 | NOTE | |||
r-release-windows-x86_64 | 1.1.0 | 8.00 | 80.00 | 88.00 | NOTE | |
r-oldrel-macos-arm64 | 1.1.0 | 39.00 | OK | |||
r-oldrel-macos-x86_64 | 1.1.0 | 104.00 | OK | |||
r-oldrel-windows-x86_64 | 1.1.0 | 10.00 | 96.00 | 106.00 | OK |
Version: 1.1.0
Check: DESCRIPTION meta-information
Result: NOTE
Missing dependency on R >= 4.1.0 because package code uses the pipe
|> or function shorthand \(...) syntax added in R 4.1.0.
File(s) using such syntax:
‘sgraph_utils.R’
Flavors: r-devel-linux-x86_64-debian-clang, r-devel-linux-x86_64-debian-gcc, r-devel-linux-x86_64-fedora-clang, r-devel-linux-x86_64-fedora-gcc, r-devel-windows-x86_64, r-patched-linux-x86_64, r-release-linux-x86_64, r-release-macos-arm64, r-release-macos-x86_64, r-release-windows-x86_64