Last updated on 2025-02-21 17:50:55 CET.
Flavor | Version | Tinstall | Tcheck | Ttotal | Status | Flags |
---|---|---|---|---|---|---|
r-devel-linux-x86_64-debian-clang | 1.1.2 | 31.06 | 33.06 | 64.12 | NOTE | |
r-devel-linux-x86_64-debian-gcc | 1.1.2 | 22.30 | 26.02 | 48.32 | NOTE | |
r-devel-linux-x86_64-fedora-clang | 1.1.2 | 106.53 | OK | |||
r-devel-linux-x86_64-fedora-gcc | 1.1.2 | 123.81 | OK | |||
r-devel-macos-arm64 | 1.1.2 | 38.00 | OK | |||
r-devel-macos-x86_64 | 1.1.2 | 71.00 | OK | |||
r-devel-windows-x86_64 | 1.1.2 | 37.00 | 72.00 | 109.00 | OK | |
r-patched-linux-x86_64 | 1.1.2 | 31.86 | 31.06 | 62.92 | OK | |
r-release-linux-x86_64 | 1.1.2 | 30.03 | 30.74 | 60.77 | OK | |
r-release-macos-arm64 | 1.1.2 | 37.00 | OK | |||
r-release-macos-x86_64 | 1.1.2 | 62.00 | OK | |||
r-release-windows-x86_64 | 1.1.2 | 36.00 | 71.00 | 107.00 | OK | |
r-oldrel-macos-arm64 | 1.1.2 | 48.00 | OK | |||
r-oldrel-macos-x86_64 | 1.1.2 | 84.00 | OK | |||
r-oldrel-windows-x86_64 | 1.1.2 | 43.00 | 93.00 | 136.00 | OK |
Version: 1.1.2
Check: for unstated dependencies in ‘demo’
Result: NOTE
'library' or 'require' call not declared from: ‘microbenchmark’
Flavors: r-devel-linux-x86_64-debian-clang, r-devel-linux-x86_64-debian-gcc