Last updated on 2025-11-04 05:51:25 CET.
| Flavor | Version | Tinstall | Tcheck | Ttotal | Status | Flags | 
|---|---|---|---|---|---|---|
| r-devel-linux-x86_64-debian-clang | 1.8 | 14.43 | 112.15 | 126.58 | NOTE | |
| r-devel-linux-x86_64-debian-gcc | 1.8 | 10.93 | 81.77 | 92.70 | NOTE | |
| r-devel-linux-x86_64-fedora-clang | 1.8 | 37.00 | 168.48 | 205.48 | OK | |
| r-devel-linux-x86_64-fedora-gcc | 1.8 | 28.00 | 159.14 | 187.14 | OK | |
| r-devel-windows-x86_64 | 1.8 | 14.00 | 111.00 | 125.00 | NOTE | |
| r-patched-linux-x86_64 | 1.8 | 16.36 | 109.35 | 125.71 | NOTE | |
| r-release-linux-x86_64 | 1.8 | 15.33 | 109.87 | 125.20 | NOTE | |
| r-release-macos-arm64 | 1.8 | 6.00 | 42.00 | 48.00 | OK | |
| r-release-macos-x86_64 | 1.8 | 11.00 | 88.00 | 99.00 | OK | |
| r-release-windows-x86_64 | 1.8 | 14.00 | 111.00 | 125.00 | NOTE | |
| r-oldrel-macos-arm64 | 1.8 | 5.00 | 42.00 | 47.00 | OK | |
| r-oldrel-macos-x86_64 | 1.8 | 14.00 | 65.00 | 79.00 | OK | |
| r-oldrel-windows-x86_64 | 1.8 | 17.00 | 147.00 | 164.00 | OK | 
Version: 1.8
Check: CRAN incoming feasibility
Result: NOTE
  Maintainer: ‘Benoit Liquet <b.liquet@uq.edu.au>’
  
  No Authors@R field in DESCRIPTION.
  Please add one, modifying
    Authors@R: c(person(given = "Benoit",
                        family = "Liquet",
                        role = c("aut", "cre"),
                        email = "b.liquet@uq.edu.au"),
                 person(given = c("Pierre", "Lafaye"),
                        family = "de Micheaux",
                        role = "aut"),
                 person(given = "Camilo",
                        family = "Broc",
                        role = "aut"))
  as necessary.
Flavors: r-devel-linux-x86_64-debian-clang, r-devel-linux-x86_64-debian-gcc
Version: 1.8
Check: Rd cross-references
Result: NOTE
  Found the following Rd file(s) with Rd \link{} targets missing package
  anchors:
    gPLS.Rd: cim
    gPLSda.Rd: plotIndiv, plotVar, cim, network
    sPLSda.Rd: plotIndiv, plotVar, cim, network
    sgPLSda.Rd: plotIndiv, plotVar, cim, network
  Please provide package anchors for all Rd \link{} targets not in the
  package itself and the base packages.
Flavors: r-devel-linux-x86_64-debian-clang, r-devel-linux-x86_64-debian-gcc, r-devel-windows-x86_64, r-patched-linux-x86_64, r-release-linux-x86_64, r-release-windows-x86_64