Last updated on 2025-11-04 11:52:43 CET.
| Flavor | Version | Tinstall | Tcheck | Ttotal | Status | Flags | 
|---|---|---|---|---|---|---|
| r-devel-linux-x86_64-debian-clang | 1.0.0 | 43.23 | 92.20 | 135.43 | NOTE | |
| r-devel-linux-x86_64-debian-gcc | 1.0.0 | 32.09 | 63.10 | 95.19 | NOTE | |
| r-devel-linux-x86_64-fedora-clang | 1.0.0 | 104.00 | 125.89 | 229.89 | NOTE | |
| r-devel-linux-x86_64-fedora-gcc | 1.0.0 | 78.00 | 160.25 | 238.25 | NOTE | |
| r-devel-windows-x86_64 | 1.0.0 | 46.00 | 117.00 | 163.00 | NOTE | |
| r-patched-linux-x86_64 | 1.0.0 | 50.45 | 88.08 | 138.53 | NOTE | |
| r-release-linux-x86_64 | 1.0.0 | 49.98 | 87.12 | 137.10 | NOTE | |
| r-release-macos-arm64 | 1.0.0 | 16.00 | 48.00 | 64.00 | NOTE | |
| r-release-macos-x86_64 | 1.0.0 | 28.00 | 87.00 | 115.00 | NOTE | |
| r-release-windows-x86_64 | 1.0.0 | 46.00 | 117.00 | 163.00 | NOTE | |
| r-oldrel-macos-arm64 | 1.0.0 | 17.00 | 42.00 | 59.00 | OK | |
| r-oldrel-macos-x86_64 | 1.0.0 | 27.00 | 97.00 | 124.00 | OK | |
| r-oldrel-windows-x86_64 | 1.0.0 | 60.00 | 154.00 | 214.00 | OK | 
Version: 1.0.0
Check: DESCRIPTION meta-information
Result: NOTE
    Missing dependency on R >= 4.1.0 because package code uses the pipe
    |> or function shorthand \(...) syntax added in R 4.1.0.
    File(s) using such syntax:
      ‘h_curve.Rd’ ‘sfc_4x4_meander.Rd’ ‘sfc_generator.Rd’
      ‘spacefilling.Rd’
Flavors: r-devel-linux-x86_64-debian-clang, r-devel-linux-x86_64-debian-gcc, r-devel-linux-x86_64-fedora-clang, r-devel-linux-x86_64-fedora-gcc, r-devel-windows-x86_64, r-patched-linux-x86_64, r-release-linux-x86_64, r-release-macos-arm64, r-release-macos-x86_64, r-release-windows-x86_64