CRAN Package Check Results for Package sfc

Last updated on 2025-11-28 12:48:51 CET.

Flavor Version Tinstall Tcheck Ttotal Status Flags
r-devel-linux-x86_64-debian-clang 0.1.0 4.40 41.62 46.02 OK
r-devel-linux-x86_64-debian-gcc 0.1.0 3.68 30.37 34.05 OK
r-devel-linux-x86_64-fedora-clang 0.1.0 12.00 54.84 66.84 OK
r-devel-linux-x86_64-fedora-gcc 0.1.0 19.00 47.49 66.49 OK
r-devel-windows-x86_64 0.1.0 8.00 52.00 60.00 OK
r-patched-linux-x86_64 0.1.0 4.09 36.77 40.86 OK
r-release-linux-x86_64 0.1.0 4.53 36.29 40.82 OK
r-release-macos-arm64 0.1.0 OK
r-release-macos-x86_64 0.1.0 5.00 41.00 46.00 OK
r-release-windows-x86_64 0.1.0 6.00 59.00 65.00 OK
r-oldrel-macos-arm64 0.1.0 NOTE
r-oldrel-macos-x86_64 0.1.0 3.00 31.00 34.00 NOTE
r-oldrel-windows-x86_64 0.1.0 7.00 63.00 70.00 NOTE

Check Details

Version: 0.1.0
Check: LazyData
Result: NOTE 'LazyData' is specified without a 'data' directory Flavors: r-oldrel-macos-arm64, r-oldrel-macos-x86_64, r-oldrel-windows-x86_64

mirror server hosted at Truenetwork, Russian Federation.